{"id":129,"date":"2019-04-02T05:20:18","date_gmt":"2019-04-02T05:20:18","guid":{"rendered":"http:\/\/www.demmer.sk\/?post_type=product&#038;p=129"},"modified":"2025-10-22T11:26:29","modified_gmt":"2025-10-22T11:26:29","slug":"dolfin-biela-cokolada-s-citronom-a-susienkami-70-g","status":"publish","type":"product","link":"https:\/\/www.positivitee.sk\/index.php\/product\/dolfin-biela-cokolada-s-citronom-a-susienkami-70-g\/","title":{"rendered":"Dolfin &#8211; Biela \u010dokol\u00e1da s citr\u00f3nom a su\u0161ienkami, 70 g"},"content":{"rendered":"<p><code>DO3103<\/code><span style=\"color: #111212;\"><span style=\"font-family: Arial, sans-serif;\"><b>Biela \u010dokol\u00e1da s citr\u00f3nom a su\u0161ienkami, 70 g<\/b><\/span><\/span><\/p>\n<p><img decoding=\"async\" src=\"https:\/\/www.positivitee.sk\/wp-content\/uploads\/2019\/04\/citron-sable-face-1-324x324.webp\" \/><\/p>\n<p>&nbsp;<\/p>\n<p lang=\"en-US\" align=\"left\"><span style=\"font-family: Arial, sans-serif;\"><span lang=\"sv-SE\">Zlo\u017eenie: cukor, plnotu\u010dn\u00e9 pr\u00e1\u0161kov\u00e9 <\/span><\/span><span style=\"font-family: Arial, sans-serif;\"><span lang=\"sv-SE\"><b>mlieko<\/b><\/span><\/span><span style=\"font-family: Arial, sans-serif;\"><span lang=\"sv-SE\">, kakaov\u00e9 maslo, su\u0161ienky 3% (<\/span><\/span><span style=\"font-family: Arial, sans-serif;\"><span lang=\"sv-SE\"><b>p\u015beni\u010dn\u00e1<\/b><\/span><\/span><span style=\"font-family: Arial, sans-serif;\"><span lang=\"sv-SE\"> m\u00faka, cukor, <\/span><\/span><span style=\"font-family: Arial, sans-serif;\"><span lang=\"sv-SE\">maslo<\/span><\/span><span style=\"font-family: Arial, sans-serif;\"><span lang=\"sv-SE\"> (<\/span><\/span><span style=\"font-family: Arial, sans-serif;\"><span lang=\"sv-SE\"><b>mlieko<\/b><\/span><\/span><span style=\"font-family: Arial, sans-serif;\"><span lang=\"sv-SE\">), so\u013e), cit\u00f3nov\u00fd pr\u00e1\u0161ok 2%, emulg\u00e1tor: <\/span><\/span><span style=\"font-family: Arial, sans-serif;\"><span lang=\"sv-SE\"><b>s\u00f3jov\u00fd<\/b><\/span><\/span><span style=\"font-family: Arial, sans-serif;\"><span lang=\"sv-SE\"> lecit\u00edn, citr\u00f3nov\u00fd olej, Pr\u00edrodn\u00e1 ar\u00f3ma vanilky. <\/span><\/span><\/p>\n<p lang=\"sv-SE\" align=\"left\"><span style=\"font-family: Arial, sans-serif;\">Minim\u00e1lny obsah kakaa v \u010dokol\u00e1de: minim\u00e1lne 31%, <\/span><span style=\"font-family: Arial, sans-serif;\"><span lang=\"sv-SE\">podiel mlieka 30 %<\/span><\/span><span style=\"font-family: Arial, sans-serif;\"><span lang=\"sk-SK\">.<\/span><\/span> <span style=\"font-family: Arial, sans-serif;\"><span lang=\"sv-SE\">M\u00f4\u017ee obsahova\u0165 stopy <\/span><\/span><span style=\"font-family: Arial, sans-serif;\"><span lang=\"sv-SE\"><b>orechov<\/b><\/span><\/span><span style=\"font-family: Arial, sans-serif;\"><span lang=\"sv-SE\">, <\/span><\/span><span style=\"font-family: Arial, sans-serif;\"><span lang=\"sv-SE\"><b>s\u00e9zamu<\/b><\/span><\/span><span style=\"font-family: Arial, sans-serif;\"><span lang=\"sv-SE\"> a <\/span><\/span><span style=\"font-family: Arial, sans-serif;\"><span lang=\"sv-SE\"><b>vajc.bielkov<\/b><\/span><\/span><span style=\"font-family: Arial, sans-serif;\"><span lang=\"sv-SE\">.<\/span><\/span><\/p>\n<p>Alerg\u00e9ny: obsahuje <strong>s\u00f3ju<\/strong> a <strong>mlieko<\/strong>. M\u00f4\u017ee obsahova\u0165 stopy <strong>orechov<\/strong>, <strong>p\u0161enice<\/strong> a <strong>vaj\u00ed\u010dok<\/strong>.<\/p>\n<p>Krajina p\u00f4vodu: Belgicko.<\/p>\n<p>Cena 41,43 \u20ac\/kilo<\/p>\n<p><a href=\"http:\/\/www.dolfin.be\/\" target=\"_blank\" rel=\"noopener noreferrer\"><br \/>\n<img decoding=\"async\" src=\"https:\/\/www.positivitee.sk\/img\/Dolfin\/dolfin_logo_7.jpg\" alt=\"Dolfin - The Art of Blending\" \/><br \/>\n<\/a><\/p>\n","protected":false},"excerpt":{"rendered":"<p>DO3103Biela \u010dokol\u00e1da s citr\u00f3nom a su\u0161ienkami, 70 g<\/p>\n","protected":false},"featured_media":6132,"template":"","meta":{"jetpack_post_was_ever_published":false,"jetpack_publicize_message":"","jetpack_publicize_feature_enabled":true,"jetpack_social_post_already_shared":true,"jetpack_social_options":{"image_generator_settings":{"template":"highway","default_image_id":0,"font":"","enabled":false},"version":2}},"product_brand":[],"product_cat":[40],"product_tag":[29],"class_list":{"0":"post-129","1":"product","2":"type-product","3":"status-publish","4":"has-post-thumbnail","6":"product_cat-rucne-robene-cukrovinky-z-belgicka","7":"product_tag-mliecna-cokolada","9":"first","10":"instock","11":"shipping-taxable","12":"purchasable","13":"product-type-simple"},"jetpack_publicize_connections":[],"jetpack_sharing_enabled":true,"_links":{"self":[{"href":"https:\/\/www.positivitee.sk\/index.php\/wp-json\/wp\/v2\/product\/129","targetHints":{"allow":["GET"]}}],"collection":[{"href":"https:\/\/www.positivitee.sk\/index.php\/wp-json\/wp\/v2\/product"}],"about":[{"href":"https:\/\/www.positivitee.sk\/index.php\/wp-json\/wp\/v2\/types\/product"}],"wp:featuredmedia":[{"embeddable":true,"href":"https:\/\/www.positivitee.sk\/index.php\/wp-json\/wp\/v2\/media\/6132"}],"wp:attachment":[{"href":"https:\/\/www.positivitee.sk\/index.php\/wp-json\/wp\/v2\/media?parent=129"}],"wp:term":[{"taxonomy":"product_brand","embeddable":true,"href":"https:\/\/www.positivitee.sk\/index.php\/wp-json\/wp\/v2\/product_brand?post=129"},{"taxonomy":"product_cat","embeddable":true,"href":"https:\/\/www.positivitee.sk\/index.php\/wp-json\/wp\/v2\/product_cat?post=129"},{"taxonomy":"product_tag","embeddable":true,"href":"https:\/\/www.positivitee.sk\/index.php\/wp-json\/wp\/v2\/product_tag?post=129"}],"curies":[{"name":"wp","href":"https:\/\/api.w.org\/{rel}","templated":true}]}}