{"id":1447,"date":"2019-11-25T17:59:29","date_gmt":"2019-11-25T17:59:29","guid":{"rendered":"https:\/\/www.positivitee.sk\/?post_type=product&#038;p=1447"},"modified":"2025-04-09T14:58:03","modified_gmt":"2025-04-09T14:58:03","slug":"vannucci-cokolada-plnena-bananom-35g","status":"publish","type":"product","link":"https:\/\/www.positivitee.sk\/index.php\/product\/vannucci-cokolada-plnena-bananom-35g\/","title":{"rendered":"Vannucci &#8211; \u010cOKOL\u00c1DA PLNEN\u00c1 BAN\u00c1NOM, 35g"},"content":{"rendered":"<p><code>1-014<\/code>\u010cOKOL\u00c1DA PLNEN\u00c1 BAN\u00c1NOM, 35g.<img decoding=\"async\" src=\"https:\/\/www.positivitee.sk\/img\/Vannucci\/Sfogliatine_banana_-200x190.jpg\" alt=\"\u010cOKOL\u00c1DA PLNEN\u00c1 BAN\u00c1NOM\" \/><\/p>\n<p>EXTRA TMAV\u00c1 \u010cOKOL\u00c1DA PLNEN\u00c1 BAN\u00c1NOM. Obsah kakaa min. 58%.<\/p>\n<p>Zlo\u017eenie: cukor, kakaov\u00e1 hmota, <strong>mandle<\/strong>, gluk\u00f3zov\u00fd sirup, kakaov\u00e9 maslo, ban\u00e1nov\u00fd pr\u00e1\u0161ok 2%, <strong>maslo<\/strong>, emulg\u00e1tor: <strong>s\u00f3jov\u00fd<\/strong> lecit\u00edn, pr\u00edrodn\u00e1 vanilka v pr\u00e1\u0161ku, invert\u00e1za, antioxidant: kyselina askorbov\u00e1. M\u00f4\u017ee obsahova\u0165 stopy <strong>orechov<\/strong>.<\/p>\n<p>Nutri\u010dn\u00e9 hodnoty na 100g produktu: energia 2106 kJ\/503 kcal, tuk 28,2g z toho nas\u00fdten\u00e9 13,2g, uh\u013eohydr\u00e1ty 54,5g z toho cukor 44g, bielkoviny 7,9g, so\u013e 0,00g.<\/p>\n<p>Krajina p\u00f4vodu: Taliansko.<\/p>\n<p><a href=\"http:\/\/www.vannuccichocolates.com\" target=\"_blank\" rel=\"noopener noreferrer\"><br \/>\n<img decoding=\"async\" src=\"https:\/\/www.positivitee.sk\/img\/Vannucci\/vann1_300x300.png\" alt=\"Vannucci il Cioccolato\" \/><br \/>\n<\/a><\/p>\n","protected":false},"excerpt":{"rendered":"<p>1-014 \u010cOKOL\u00c1DA PLNEN\u00c1 BAN\u00c1NOM, 35g.<\/p>\n","protected":false},"featured_media":1448,"template":"","meta":{"jetpack_post_was_ever_published":false,"jetpack_publicize_message":"","jetpack_publicize_feature_enabled":true,"jetpack_social_post_already_shared":true,"jetpack_social_options":{"image_generator_settings":{"template":"highway","default_image_id":0,"font":"","enabled":false},"version":2}},"product_brand":[],"product_cat":[41],"product_tag":[],"class_list":{"0":"post-1447","1":"product","2":"type-product","3":"status-publish","4":"has-post-thumbnail","6":"product_cat-vannucci-il-cioccolato","8":"first","9":"instock","10":"shipping-taxable","11":"purchasable","12":"product-type-simple"},"jetpack_publicize_connections":[],"jetpack_sharing_enabled":true,"_links":{"self":[{"href":"https:\/\/www.positivitee.sk\/index.php\/wp-json\/wp\/v2\/product\/1447","targetHints":{"allow":["GET"]}}],"collection":[{"href":"https:\/\/www.positivitee.sk\/index.php\/wp-json\/wp\/v2\/product"}],"about":[{"href":"https:\/\/www.positivitee.sk\/index.php\/wp-json\/wp\/v2\/types\/product"}],"wp:featuredmedia":[{"embeddable":true,"href":"https:\/\/www.positivitee.sk\/index.php\/wp-json\/wp\/v2\/media\/1448"}],"wp:attachment":[{"href":"https:\/\/www.positivitee.sk\/index.php\/wp-json\/wp\/v2\/media?parent=1447"}],"wp:term":[{"taxonomy":"product_brand","embeddable":true,"href":"https:\/\/www.positivitee.sk\/index.php\/wp-json\/wp\/v2\/product_brand?post=1447"},{"taxonomy":"product_cat","embeddable":true,"href":"https:\/\/www.positivitee.sk\/index.php\/wp-json\/wp\/v2\/product_cat?post=1447"},{"taxonomy":"product_tag","embeddable":true,"href":"https:\/\/www.positivitee.sk\/index.php\/wp-json\/wp\/v2\/product_tag?post=1447"}],"curies":[{"name":"wp","href":"https:\/\/api.w.org\/{rel}","templated":true}]}}