{"id":18,"date":"2019-04-04T13:13:04","date_gmt":"2019-04-04T13:13:04","guid":{"rendered":"http:\/\/www.demmer.sk\/?post_type=product&#038;p=18"},"modified":"2026-04-08T07:27:35","modified_gmt":"2026-04-08T07:27:35","slug":"rocca-susene-paradajky-v-olivovom-oleji","status":"publish","type":"product","link":"https:\/\/www.positivitee.sk\/index.php\/product\/rocca-susene-paradajky-v-olivovom-oleji\/","title":{"rendered":"Rocca &#8211; Su\u0161en\u00e9 paradajky v olivovom oleji"},"content":{"rendered":"<p><code>T912<\/code>Su\u0161en\u00e9 paradajky v olivovom oleji, 190g.<img decoding=\"async\" src=\"http:\/\/www.positivitee.sk\/img\/Rocca\/T912.jpg\" alt=\"Sundried paradajky v olivovom oleji\" \/><\/p>\n<p>\u010cist\u00e1 hmotnos\u0165 190g, such\u00e1 hmotnos\u0165 130g.<br \/>\nZlo\u017eenie: su\u0161en\u00e9 paradajky 68%, olivov\u00fd olej 22%, bazalkov\u00fd olej, v\u00ednny ocot, so\u013e.<br \/>\nNutri\u010dn\u00e9 hodnoty na 100g produktu: energia 714 kJ\/172 kcal, tuk 14g z toho nas\u00fdten\u00e9 3,0g, uh\u013eohydr\u00e1ty 8,3g z toho cukor 3,6g, bielkoviny 3,2g, so\u013e 1,6g.<\/p>\n<p><a href=\"https:\/\/rocca1870.it\/\" target=\"_blank\" rel=\"noopener noreferrer\"><br \/>\n<img decoding=\"async\" src=\"https:\/\/www.positivitee.sk\/img\/Rocca\/rocca-nuovo_300x300.png\" alt=\"Rocca Luigi &amp; Figlio srl\" \/><br \/>\n<\/a><\/p>\n","protected":false},"excerpt":{"rendered":"<p>T912 Su\u0161en\u00e9 paradajky v olivovom oleji, 190g.<\/p>\n","protected":false},"featured_media":182,"template":"","meta":{"jetpack_post_was_ever_published":false,"jetpack_publicize_message":"","jetpack_publicize_feature_enabled":true,"jetpack_social_post_already_shared":true,"jetpack_social_options":{"image_generator_settings":{"template":"highway","default_image_id":0,"font":"","enabled":false},"version":2}},"product_brand":[],"product_cat":[46],"product_tag":[],"class_list":{"0":"post-18","1":"product","2":"type-product","3":"status-publish","4":"has-post-thumbnail","6":"product_cat-talianske-pochutky","8":"first","9":"instock","10":"shipping-taxable","11":"purchasable","12":"product-type-simple"},"jetpack_publicize_connections":[],"jetpack_sharing_enabled":true,"_links":{"self":[{"href":"https:\/\/www.positivitee.sk\/index.php\/wp-json\/wp\/v2\/product\/18","targetHints":{"allow":["GET"]}}],"collection":[{"href":"https:\/\/www.positivitee.sk\/index.php\/wp-json\/wp\/v2\/product"}],"about":[{"href":"https:\/\/www.positivitee.sk\/index.php\/wp-json\/wp\/v2\/types\/product"}],"wp:featuredmedia":[{"embeddable":true,"href":"https:\/\/www.positivitee.sk\/index.php\/wp-json\/wp\/v2\/media\/182"}],"wp:attachment":[{"href":"https:\/\/www.positivitee.sk\/index.php\/wp-json\/wp\/v2\/media?parent=18"}],"wp:term":[{"taxonomy":"product_brand","embeddable":true,"href":"https:\/\/www.positivitee.sk\/index.php\/wp-json\/wp\/v2\/product_brand?post=18"},{"taxonomy":"product_cat","embeddable":true,"href":"https:\/\/www.positivitee.sk\/index.php\/wp-json\/wp\/v2\/product_cat?post=18"},{"taxonomy":"product_tag","embeddable":true,"href":"https:\/\/www.positivitee.sk\/index.php\/wp-json\/wp\/v2\/product_tag?post=18"}],"curies":[{"name":"wp","href":"https:\/\/api.w.org\/{rel}","templated":true}]}}