{"id":20,"date":"2019-04-04T12:25:22","date_gmt":"2019-04-04T12:25:22","guid":{"rendered":"http:\/\/www.demmer.sk\/?post_type=product&#038;p=20"},"modified":"2026-04-08T07:30:08","modified_gmt":"2026-04-08T07:30:08","slug":"rocca-pate-so-susenych-paradajok-s-mediterranean-mix-byliniek","status":"publish","type":"product","link":"https:\/\/www.positivitee.sk\/index.php\/product\/rocca-pate-so-susenych-paradajok-s-mediterranean-mix-byliniek\/","title":{"rendered":"Rocca &#8211; Pat\u00e9 so su\u0161en\u00fdch paradajok"},"content":{"rendered":"<p><code>S805<\/code>Pat\u00e9 so su\u0161en\u00fdch paradajok, 110g.<img decoding=\"async\" src=\"http:\/\/www.positivitee.sk\/img\/Rocca\/S805.jpg\" alt=\"Pat\u00e9 so su\u0161en\u00fdch paradajok\" \/><\/p>\n<p>\u010cist\u00e1 hmotnost 110g.<br \/>\nZlo\u017eenie: su\u0161en\u00e9 paradajky 90%, olivov\u00fd olej, ocot, kapary, so\u013e, zmes byliniek, korenie.<br \/>\nNutri\u010dn\u00e9 hodnoty na 100g produktu: energia 1140 kJ\/276 kcal, tuk 28g z toho nas\u00fdten\u00e9 4.0g, uh\u013eohydr\u00e1ty 4,0g z toho cukor 3,9g ,bielkoviny 2,1g, so\u013e 1,4g.<\/p>\n<p><a href=\"https:\/\/rocca1870.it\/\" target=\"_blank\" rel=\"noopener noreferrer\"><br \/>\n<img decoding=\"async\" src=\"https:\/\/www.positivitee.sk\/img\/Rocca\/rocca-nuovo_300x300.png\" alt=\"Rocca Luigi &amp; Figlio srl\" \/><br \/>\n<\/a><\/p>\n","protected":false},"excerpt":{"rendered":"<p>S805 Pat\u00e9 so su\u0161en\u00fdch paradajok, 110g.<\/p>\n","protected":false},"featured_media":176,"template":"","meta":{"jetpack_post_was_ever_published":false,"jetpack_publicize_message":"","jetpack_publicize_feature_enabled":true,"jetpack_social_post_already_shared":true,"jetpack_social_options":{"image_generator_settings":{"template":"highway","default_image_id":0,"font":"","enabled":false},"version":2}},"product_brand":[],"product_cat":[46],"product_tag":[],"class_list":{"0":"post-20","1":"product","2":"type-product","3":"status-publish","4":"has-post-thumbnail","6":"product_cat-talianske-pochutky","8":"first","9":"instock","10":"shipping-taxable","11":"purchasable","12":"product-type-simple"},"jetpack_publicize_connections":[],"jetpack_sharing_enabled":true,"_links":{"self":[{"href":"https:\/\/www.positivitee.sk\/index.php\/wp-json\/wp\/v2\/product\/20","targetHints":{"allow":["GET"]}}],"collection":[{"href":"https:\/\/www.positivitee.sk\/index.php\/wp-json\/wp\/v2\/product"}],"about":[{"href":"https:\/\/www.positivitee.sk\/index.php\/wp-json\/wp\/v2\/types\/product"}],"wp:featuredmedia":[{"embeddable":true,"href":"https:\/\/www.positivitee.sk\/index.php\/wp-json\/wp\/v2\/media\/176"}],"wp:attachment":[{"href":"https:\/\/www.positivitee.sk\/index.php\/wp-json\/wp\/v2\/media?parent=20"}],"wp:term":[{"taxonomy":"product_brand","embeddable":true,"href":"https:\/\/www.positivitee.sk\/index.php\/wp-json\/wp\/v2\/product_brand?post=20"},{"taxonomy":"product_cat","embeddable":true,"href":"https:\/\/www.positivitee.sk\/index.php\/wp-json\/wp\/v2\/product_cat?post=20"},{"taxonomy":"product_tag","embeddable":true,"href":"https:\/\/www.positivitee.sk\/index.php\/wp-json\/wp\/v2\/product_tag?post=20"}],"curies":[{"name":"wp","href":"https:\/\/api.w.org\/{rel}","templated":true}]}}