{"id":2941,"date":"2020-01-26T08:25:19","date_gmt":"2020-01-26T08:25:19","guid":{"rendered":"https:\/\/www.positivitee.sk\/?post_type=product&#038;p=2941"},"modified":"2024-06-11T16:33:35","modified_gmt":"2024-06-11T16:33:35","slug":"premium-tea-bio-japan-hojicha-100g","status":"publish","type":"product","link":"https:\/\/www.positivitee.sk\/index.php\/product\/premium-tea-bio-japan-hojicha-100g\/","title":{"rendered":"Premium Tea &#8211; BIO JAPAN HOJICHA, 100g"},"content":{"rendered":"<p><code>3741<\/code>BIO JAPAN HOJICHA, 100g.<img decoding=\"async\" src=\"https:\/\/www.positivitee.sk\/img\/Premium\/00-03741_stamm_1.jpg\" alt=\"BIO JAPAN HOJICHA\" \/><\/p>\n<p>V\u00fdnimo\u010dn\u00fd zelen\u00fd \u010daj z Japonska. Po zrolovan\u00ed sa l\u00edstky restuj\u00fa. V\u00fdsledkom je l\u00edstok tmavej farby s chu\u0165ou toastu. N\u00e1poj stredne hnedej farby a jemn\u00fdch chu\u0165ov\u00fdch nuans\u00ed.<\/p>\n<p>Zlo\u017eenie: japonsk\u00fd zelen\u00fd \u010daj<\/p>\n<p>Pr\u00edprava: 1 \u010dajov\u00fa ly\u017ei\u010dku (2g) \u010daju zalejeme 2,5dl vriacej . L\u00fahujte 2 minuty.<\/p>\n","protected":false},"excerpt":{"rendered":"<p>3741 BIO JAPAN HOJICHA, 100g.<\/p>\n","protected":false},"featured_media":2942,"template":"","meta":{"jetpack_post_was_ever_published":false,"jetpack_publicize_message":"","jetpack_publicize_feature_enabled":true,"jetpack_social_post_already_shared":true,"jetpack_social_options":{"image_generator_settings":{"template":"highway","default_image_id":0,"font":"","enabled":false},"version":2}},"product_brand":[],"product_cat":[50,70],"product_tag":[],"class_list":{"0":"post-2941","1":"product","2":"type-product","3":"status-publish","4":"has-post-thumbnail","6":"product_cat-premium-caje","7":"product_cat-zelene","9":"first","10":"instock","11":"shipping-taxable","12":"purchasable","13":"product-type-simple"},"jetpack_publicize_connections":[],"jetpack_sharing_enabled":true,"_links":{"self":[{"href":"https:\/\/www.positivitee.sk\/index.php\/wp-json\/wp\/v2\/product\/2941","targetHints":{"allow":["GET"]}}],"collection":[{"href":"https:\/\/www.positivitee.sk\/index.php\/wp-json\/wp\/v2\/product"}],"about":[{"href":"https:\/\/www.positivitee.sk\/index.php\/wp-json\/wp\/v2\/types\/product"}],"wp:featuredmedia":[{"embeddable":true,"href":"https:\/\/www.positivitee.sk\/index.php\/wp-json\/wp\/v2\/media\/2942"}],"wp:attachment":[{"href":"https:\/\/www.positivitee.sk\/index.php\/wp-json\/wp\/v2\/media?parent=2941"}],"wp:term":[{"taxonomy":"product_brand","embeddable":true,"href":"https:\/\/www.positivitee.sk\/index.php\/wp-json\/wp\/v2\/product_brand?post=2941"},{"taxonomy":"product_cat","embeddable":true,"href":"https:\/\/www.positivitee.sk\/index.php\/wp-json\/wp\/v2\/product_cat?post=2941"},{"taxonomy":"product_tag","embeddable":true,"href":"https:\/\/www.positivitee.sk\/index.php\/wp-json\/wp\/v2\/product_tag?post=2941"}],"curies":[{"name":"wp","href":"https:\/\/api.w.org\/{rel}","templated":true}]}}