{"id":3203,"date":"2020-02-04T18:03:24","date_gmt":"2020-02-04T18:03:24","guid":{"rendered":"https:\/\/www.positivitee.sk\/?post_type=product&#038;p=3203"},"modified":"2024-09-05T10:07:49","modified_gmt":"2024-09-05T10:07:49","slug":"premium-tea-ceylon-golden-vithanakande-fbopfexsp-100g","status":"publish","type":"product","link":"https:\/\/www.positivitee.sk\/index.php\/product\/premium-tea-ceylon-golden-vithanakande-fbopfexsp-100g\/","title":{"rendered":"Premium Tea &#8211; CEYLON GOLDEN VITHANAKANDE FBOPFEXSP, 100g"},"content":{"rendered":"<p><code>1301<\/code>CEYLON GOLDEN VITHANAKANDE FBOPFEXSP, 100g.<img decoding=\"async\" src=\"https:\/\/www.positivitee.sk\/img\/Premium\/00-01301_stamm_1.jpg\" alt=\"CEYLON GOLDEN VITHANAKANDE FBOPFEXSP\" \/><\/p>\n<p>Umelecky spracovan\u00e9 l\u00edstky z regi\u00f3nu Ratnapura na kr\u00e1snom zelenom ostrove Cejl\u00f3n. L\u00edstky maj\u00fa vysok\u00e9 percento zlat\u00fdch \u0161pi\u010diek<br \/>\nChu\u0165 je \u0161tavnat\u00e1 s n\u00e1znakom citr\u00f3nu, n\u00e1poj atrakt\u00edvnej \u010derveno medenej farby.<\/p>\n<p>Zlo\u017eenie: cejl\u00f3nsky \u010dierny \u010daj<\/p>\n<p>Pr\u00edprava: 1 \u010dajov\u00fa ly\u017ei\u010dku (2g) \u010daju zalejeme 2,5dl vriacej vody. L\u00fahujte 3 a\u017e 4 min\u00faty.<\/p>\n","protected":false},"excerpt":{"rendered":"<p>1301 CEYLON GOLDEN VITHANAKANDE FBOPFEXSP, 100g.<\/p>\n","protected":false},"featured_media":3204,"template":"","meta":{"jetpack_post_was_ever_published":false,"jetpack_publicize_message":"","jetpack_publicize_feature_enabled":true,"jetpack_social_post_already_shared":true,"jetpack_social_options":{"image_generator_settings":{"template":"highway","default_image_id":0,"font":"","enabled":false},"version":2}},"product_brand":[],"product_cat":[50,69],"product_tag":[],"class_list":{"0":"post-3203","1":"product","2":"type-product","3":"status-publish","4":"has-post-thumbnail","6":"product_cat-premium-caje","7":"product_cat-cierne","9":"first","10":"instock","11":"shipping-taxable","12":"purchasable","13":"product-type-simple"},"jetpack_publicize_connections":[],"jetpack_sharing_enabled":true,"_links":{"self":[{"href":"https:\/\/www.positivitee.sk\/index.php\/wp-json\/wp\/v2\/product\/3203","targetHints":{"allow":["GET"]}}],"collection":[{"href":"https:\/\/www.positivitee.sk\/index.php\/wp-json\/wp\/v2\/product"}],"about":[{"href":"https:\/\/www.positivitee.sk\/index.php\/wp-json\/wp\/v2\/types\/product"}],"wp:featuredmedia":[{"embeddable":true,"href":"https:\/\/www.positivitee.sk\/index.php\/wp-json\/wp\/v2\/media\/3204"}],"wp:attachment":[{"href":"https:\/\/www.positivitee.sk\/index.php\/wp-json\/wp\/v2\/media?parent=3203"}],"wp:term":[{"taxonomy":"product_brand","embeddable":true,"href":"https:\/\/www.positivitee.sk\/index.php\/wp-json\/wp\/v2\/product_brand?post=3203"},{"taxonomy":"product_cat","embeddable":true,"href":"https:\/\/www.positivitee.sk\/index.php\/wp-json\/wp\/v2\/product_cat?post=3203"},{"taxonomy":"product_tag","embeddable":true,"href":"https:\/\/www.positivitee.sk\/index.php\/wp-json\/wp\/v2\/product_tag?post=3203"}],"curies":[{"name":"wp","href":"https:\/\/api.w.org\/{rel}","templated":true}]}}