{"id":3856,"date":"2020-04-25T05:47:47","date_gmt":"2020-04-25T05:47:47","guid":{"rendered":"https:\/\/www.positivitee.sk\/?post_type=product&#038;p=3856"},"modified":"2024-10-28T14:00:18","modified_gmt":"2024-10-28T14:00:18","slug":"premium-tea-rooibos-brusnica-acerola-100g","status":"publish","type":"product","link":"https:\/\/www.positivitee.sk\/index.php\/product\/premium-tea-rooibos-brusnica-acerola-100g\/","title":{"rendered":"Premium Tea &#8211; ROOIBOS BRUSNICA ACEROLA, 100g"},"content":{"rendered":"<p><code>6341<\/code>ROOIBOS BRUSNICA ACEROLA, 100g.<img decoding=\"async\" src=\"https:\/\/www.positivitee.sk\/img\/Premium\/00-06341_stamm_1.jpg\" alt=\"ROOIBOS BRUSNICA ACEROLA\" \/><\/p>\n<p>Bezkofe\u00ednov\u00fd zelen\u00fd rooibos z Ju\u017enej Afriky s k\u00faskami jab\u013ak, citr\u00f3novou tr\u00e1vou, brusnicou a acerolou. \u013dahko nasl\u00e1dle t\u00f3ny rooibosu a brusn\u00edc v harm\u00f3nii s miernou kyslos\u0165ou plodov aceroly. Aj na pr\u00edpravu \u013eadov\u00e9ho \u010daju. V lete odpor\u00fa\u010dame met\u00f3du COLD BREW.<\/p>\n<p>Zlo\u017eenie: rooibos, k\u00fasky jab\u013ak, citr\u00f3nov\u00e1 tr\u00e1va, brusnice (brusnice, cukor, antikoagulant, slne\u010dnicov\u00fd olej), lupienky ru\u017e\u00ed, pr\u00e1\u0161ok plodov aceroly (maltodextr\u00ed, acerola, kyselina askorbov\u00e1).<\/p>\n<p>Pr\u00edprava: 1 \u010dajov\u00fa ly\u017ei\u010dku (2g) \u010daju zalejeme 2,5dl vriacej vody. L\u00fahujte 5 a\u017e 8 min\u00fat.<\/p>\n","protected":false},"excerpt":{"rendered":"<p>6341 ROOIBOS BRUSNICA ACEROLA, 100g.<\/p>\n","protected":false},"featured_media":3857,"template":"","meta":{"jetpack_post_was_ever_published":false,"jetpack_publicize_message":"","jetpack_publicize_feature_enabled":true,"jetpack_social_post_already_shared":true,"jetpack_social_options":{"image_generator_settings":{"template":"highway","default_image_id":0,"font":"","enabled":false},"version":2}},"product_brand":[],"product_cat":[50,73],"product_tag":[],"class_list":{"0":"post-3856","1":"product","2":"type-product","3":"status-publish","4":"has-post-thumbnail","6":"product_cat-premium-caje","7":"product_cat-rooibos","9":"first","10":"instock","11":"shipping-taxable","12":"purchasable","13":"product-type-simple"},"jetpack_publicize_connections":[],"jetpack_sharing_enabled":true,"_links":{"self":[{"href":"https:\/\/www.positivitee.sk\/index.php\/wp-json\/wp\/v2\/product\/3856","targetHints":{"allow":["GET"]}}],"collection":[{"href":"https:\/\/www.positivitee.sk\/index.php\/wp-json\/wp\/v2\/product"}],"about":[{"href":"https:\/\/www.positivitee.sk\/index.php\/wp-json\/wp\/v2\/types\/product"}],"wp:featuredmedia":[{"embeddable":true,"href":"https:\/\/www.positivitee.sk\/index.php\/wp-json\/wp\/v2\/media\/3857"}],"wp:attachment":[{"href":"https:\/\/www.positivitee.sk\/index.php\/wp-json\/wp\/v2\/media?parent=3856"}],"wp:term":[{"taxonomy":"product_brand","embeddable":true,"href":"https:\/\/www.positivitee.sk\/index.php\/wp-json\/wp\/v2\/product_brand?post=3856"},{"taxonomy":"product_cat","embeddable":true,"href":"https:\/\/www.positivitee.sk\/index.php\/wp-json\/wp\/v2\/product_cat?post=3856"},{"taxonomy":"product_tag","embeddable":true,"href":"https:\/\/www.positivitee.sk\/index.php\/wp-json\/wp\/v2\/product_tag?post=3856"}],"curies":[{"name":"wp","href":"https:\/\/api.w.org\/{rel}","templated":true}]}}