{"id":3862,"date":"2020-04-25T06:10:32","date_gmt":"2020-04-25T06:10:32","guid":{"rendered":"https:\/\/www.positivitee.sk\/?post_type=product&#038;p=3862"},"modified":"2025-11-19T14:43:50","modified_gmt":"2025-11-19T14:43:50","slug":"premium-tea-formosa-dong-ding-green-oolong-100g","status":"publish","type":"product","link":"https:\/\/www.positivitee.sk\/index.php\/product\/premium-tea-formosa-dong-ding-green-oolong-100g\/","title":{"rendered":"Premium Tea &#8211; FORMOSA DONG DING GREEN OOLONG, 100g"},"content":{"rendered":"<p><code>2481<\/code>FORMOSA DONG DING GREEN OOLONG, 100g.<img decoding=\"async\" src=\"https:\/\/www.positivitee.sk\/img\/Premium\/00-02481_stamm_1.jpg\" alt=\"FORMOSA DONG DING GREEN OOLONG\" \/><\/p>\n<p>Typick\u00fd \u010diasto\u010dne fermentovan\u00fd \u010daj z Tchai-wanu m\u00e1 bohat\u00e9 pln\u00e9 telo a hladk\u00fd chu\u0165. Kr\u00e1sne spracovan\u00e9 l\u00edstky obsahuj\u00fa n\u00edzky podiel kofe\u00ednu.<br \/>\nVhodn\u00fd preto aj na popoludnaj\u0161ie pop\u00edjanie.<\/p>\n<p>Odpor\u00fa\u010dame 2 \u2013 3 n\u00e1levy.<\/p>\n<p>Zlo\u017eenie: tchajwansk\u00fd stredne fermentovan\u00fd oolong.<\/p>\n<p>Pr\u00edprava: 1 \u010dajov\u00fa ly\u017ei\u010dku (2g) \u010daju zalejeme 2,5dl vody 80\u00b0C. L\u00fahujte 2 &#8211; 3 min\u00faty.<\/p>\n","protected":false},"excerpt":{"rendered":"<p>2481 FORMOSA DONG DING GREEN OOLONG, 100g.<\/p>\n","protected":false},"featured_media":3863,"template":"","meta":{"jetpack_post_was_ever_published":false,"jetpack_publicize_message":"","jetpack_publicize_feature_enabled":true,"jetpack_social_post_already_shared":true,"jetpack_social_options":{"image_generator_settings":{"template":"highway","default_image_id":0,"font":"","enabled":false},"version":2}},"product_brand":[],"product_cat":[50,114],"product_tag":[],"class_list":{"0":"post-3862","1":"product","2":"type-product","3":"status-publish","4":"has-post-thumbnail","6":"product_cat-premium-caje","7":"product_cat-oolong","9":"first","10":"instock","11":"shipping-taxable","12":"purchasable","13":"product-type-simple"},"jetpack_publicize_connections":[],"jetpack_sharing_enabled":true,"_links":{"self":[{"href":"https:\/\/www.positivitee.sk\/index.php\/wp-json\/wp\/v2\/product\/3862","targetHints":{"allow":["GET"]}}],"collection":[{"href":"https:\/\/www.positivitee.sk\/index.php\/wp-json\/wp\/v2\/product"}],"about":[{"href":"https:\/\/www.positivitee.sk\/index.php\/wp-json\/wp\/v2\/types\/product"}],"wp:featuredmedia":[{"embeddable":true,"href":"https:\/\/www.positivitee.sk\/index.php\/wp-json\/wp\/v2\/media\/3863"}],"wp:attachment":[{"href":"https:\/\/www.positivitee.sk\/index.php\/wp-json\/wp\/v2\/media?parent=3862"}],"wp:term":[{"taxonomy":"product_brand","embeddable":true,"href":"https:\/\/www.positivitee.sk\/index.php\/wp-json\/wp\/v2\/product_brand?post=3862"},{"taxonomy":"product_cat","embeddable":true,"href":"https:\/\/www.positivitee.sk\/index.php\/wp-json\/wp\/v2\/product_cat?post=3862"},{"taxonomy":"product_tag","embeddable":true,"href":"https:\/\/www.positivitee.sk\/index.php\/wp-json\/wp\/v2\/product_tag?post=3862"}],"curies":[{"name":"wp","href":"https:\/\/api.w.org\/{rel}","templated":true}]}}