{"id":3870,"date":"2020-05-01T18:15:35","date_gmt":"2020-05-01T18:15:35","guid":{"rendered":"https:\/\/www.positivitee.sk\/?post_type=product&#038;p=3870"},"modified":"2023-02-10T12:01:12","modified_gmt":"2023-02-10T12:01:12","slug":"premium-tea-lesne-plody-100g","status":"publish","type":"product","link":"https:\/\/www.positivitee.sk\/index.php\/product\/premium-tea-lesne-plody-100g\/","title":{"rendered":"Premium Tea &#8211; LESN\u00c9 PLODY, 100g"},"content":{"rendered":"<p><code>6361<\/code>LESN\u00c9 PLODY, 100g.<img decoding=\"async\" src=\"https:\/\/www.positivitee.sk\/img\/Premium\/00-06361_stamm_1.jpg\" alt=\"LESN\u00c9 PLODY\" \/><\/p>\n<p>Bohat\u00e1, v\u00fdrazna zmes plodov bazy \u010diernej a t\u0155nky, ibi\u0161teka doladen\u00e1 ar\u00f3mou lesn\u00e9ho ovocia a \u010du\u010doriedok. N\u00e1poj ovocnej chute, v\u00fdraznej \u010dervenej farby a bohatej ar\u00f3my lesn\u00e9ho ovocia.<\/p>\n<p>Zlo\u017eenie: \u0161\u00edpky, plody bazy \u010diernej a t\u0155nky, ibi\u0161tek, ar\u00f3ma \u010du\u010doriedok.<\/p>\n<p>Pr\u00edprava: 1 \u010dajov\u00fa ly\u017ei\u010dku (2g) \u010daju zalejeme 2,5dl vriacej vody. L\u00fahujte 5 a\u017e 8 min\u00fat.<\/p>\n","protected":false},"excerpt":{"rendered":"<p>6361 LESN\u00c9 PLODY, 100g.<\/p>\n","protected":false},"featured_media":3871,"template":"","meta":{"jetpack_post_was_ever_published":false,"jetpack_publicize_message":"","jetpack_publicize_feature_enabled":true,"jetpack_social_post_already_shared":true,"jetpack_social_options":{"image_generator_settings":{"template":"highway","default_image_id":0,"font":"","enabled":false},"version":2}},"product_brand":[],"product_cat":[50,72],"product_tag":[],"class_list":{"0":"post-3870","1":"product","2":"type-product","3":"status-publish","4":"has-post-thumbnail","6":"product_cat-premium-caje","7":"product_cat-ovocne","9":"first","10":"instock","11":"shipping-taxable","12":"purchasable","13":"product-type-simple"},"jetpack_publicize_connections":[],"jetpack_sharing_enabled":true,"_links":{"self":[{"href":"https:\/\/www.positivitee.sk\/index.php\/wp-json\/wp\/v2\/product\/3870","targetHints":{"allow":["GET"]}}],"collection":[{"href":"https:\/\/www.positivitee.sk\/index.php\/wp-json\/wp\/v2\/product"}],"about":[{"href":"https:\/\/www.positivitee.sk\/index.php\/wp-json\/wp\/v2\/types\/product"}],"wp:featuredmedia":[{"embeddable":true,"href":"https:\/\/www.positivitee.sk\/index.php\/wp-json\/wp\/v2\/media\/3871"}],"wp:attachment":[{"href":"https:\/\/www.positivitee.sk\/index.php\/wp-json\/wp\/v2\/media?parent=3870"}],"wp:term":[{"taxonomy":"product_brand","embeddable":true,"href":"https:\/\/www.positivitee.sk\/index.php\/wp-json\/wp\/v2\/product_brand?post=3870"},{"taxonomy":"product_cat","embeddable":true,"href":"https:\/\/www.positivitee.sk\/index.php\/wp-json\/wp\/v2\/product_cat?post=3870"},{"taxonomy":"product_tag","embeddable":true,"href":"https:\/\/www.positivitee.sk\/index.php\/wp-json\/wp\/v2\/product_tag?post=3870"}],"curies":[{"name":"wp","href":"https:\/\/api.w.org\/{rel}","templated":true}]}}