{"id":3876,"date":"2020-05-01T20:22:35","date_gmt":"2020-05-01T20:22:35","guid":{"rendered":"https:\/\/www.positivitee.sk\/?post_type=product&#038;p=3876"},"modified":"2025-08-08T06:11:54","modified_gmt":"2025-08-08T06:11:54","slug":"premium-tea-zelene-kimono-100g","status":"publish","type":"product","link":"https:\/\/www.positivitee.sk\/index.php\/product\/premium-tea-zelene-kimono-100g\/","title":{"rendered":"Premium Tea &#8211; ZELEN\u00c9 KIMONO, 100g"},"content":{"rendered":"<p><code>1411<\/code>ZELEN\u00c9 KIMONO, 100g.<img decoding=\"async\" src=\"https:\/\/www.positivitee.sk\/img\/Premium\/00-01411_stamm_1.jpg\" alt=\"ZELEN\u00c9 KIMONO\" \/><\/p>\n<p>Jemn\u00e1 sencha z \u010c\u00edny vyladen\u00e1 k\u00faskami anan\u00e1su a pr\u00e9miovou ar\u00f3mou z\u00e1zvoru a anan\u00e1su, N\u00e1poj svetlej farby, osvie\u017euj\u00facej delik\u00e1tnej chute z\u00e1zvoru a anan\u00e1su.<\/p>\n<p>Zlo\u017eenie: \u010d\u00ednsky zelen\u00fd \u010daj, k\u00fasky anan\u00e1su, ar\u00f3ma z\u00e1zvoru a anan\u00e1su<\/p>\n<p>Pr\u00edprava: 1 \u010dajov\u00fa ly\u017ei\u010dku (2g) \u010daju zalejeme 2,5dl vody 80\u00b0C. L\u00fahujte 2 minuty.<\/p>\n","protected":false},"excerpt":{"rendered":"<p>1411 ZELEN\u00c9 KIMONO, 100g.<\/p>\n","protected":false},"featured_media":3877,"template":"","meta":{"jetpack_post_was_ever_published":false,"jetpack_publicize_message":"","jetpack_publicize_feature_enabled":true,"jetpack_social_post_already_shared":true,"jetpack_social_options":{"image_generator_settings":{"template":"highway","default_image_id":0,"font":"","enabled":false},"version":2}},"product_brand":[],"product_cat":[50,70],"product_tag":[],"class_list":{"0":"post-3876","1":"product","2":"type-product","3":"status-publish","4":"has-post-thumbnail","6":"product_cat-premium-caje","7":"product_cat-zelene","9":"first","10":"instock","11":"shipping-taxable","12":"purchasable","13":"product-type-simple"},"jetpack_publicize_connections":[],"jetpack_sharing_enabled":true,"_links":{"self":[{"href":"https:\/\/www.positivitee.sk\/index.php\/wp-json\/wp\/v2\/product\/3876","targetHints":{"allow":["GET"]}}],"collection":[{"href":"https:\/\/www.positivitee.sk\/index.php\/wp-json\/wp\/v2\/product"}],"about":[{"href":"https:\/\/www.positivitee.sk\/index.php\/wp-json\/wp\/v2\/types\/product"}],"wp:featuredmedia":[{"embeddable":true,"href":"https:\/\/www.positivitee.sk\/index.php\/wp-json\/wp\/v2\/media\/3877"}],"wp:attachment":[{"href":"https:\/\/www.positivitee.sk\/index.php\/wp-json\/wp\/v2\/media?parent=3876"}],"wp:term":[{"taxonomy":"product_brand","embeddable":true,"href":"https:\/\/www.positivitee.sk\/index.php\/wp-json\/wp\/v2\/product_brand?post=3876"},{"taxonomy":"product_cat","embeddable":true,"href":"https:\/\/www.positivitee.sk\/index.php\/wp-json\/wp\/v2\/product_cat?post=3876"},{"taxonomy":"product_tag","embeddable":true,"href":"https:\/\/www.positivitee.sk\/index.php\/wp-json\/wp\/v2\/product_tag?post=3876"}],"curies":[{"name":"wp","href":"https:\/\/api.w.org\/{rel}","templated":true}]}}