{"id":388,"date":"2019-04-11T13:46:54","date_gmt":"2019-04-11T13:46:54","guid":{"rendered":"http:\/\/www.positivitee.sk\/?post_type=product&#038;p=388"},"modified":"2024-11-07T19:52:37","modified_gmt":"2024-11-07T19:52:37","slug":"dolfin-horuca-cokolada-s-chutou-grilaze","status":"publish","type":"product","link":"https:\/\/www.positivitee.sk\/index.php\/product\/dolfin-horuca-cokolada-s-chutou-grilaze\/","title":{"rendered":"Dolfin &#8211; Hor\u00faca \u010dokol\u00e1da s chu\u0165ou gril\u00e1\u017ee"},"content":{"rendered":"<p><code>DO2503<\/code>Hor\u00faca \u010dokol\u00e1da s chu\u0165ou gril\u00e1\u017ee, 250g.<img decoding=\"async\" src=\"https:\/\/www.positivitee.sk\/img\/Dolfin\/choco-praline_320x320.png\" alt=\"Hor\u00faca \u010dokol\u00e1da so chu\u0165ou gril\u00e1\u017ee\" \/><\/p>\n<p>Minim\u00e1lny obsah kakaa 32%.<br \/>\nZlo\u017eenie: cukor, pr\u00e1\u0161kov\u00e9 kakao, pr\u00edchu\u0165<\/p>\n<p>Alerg\u00e9ny: m\u00f4\u017ee obsahova\u0165 <strong>lepok<\/strong>, <strong>vaj\u00ed\u010dka<\/strong>, <strong>s\u00f3ju<\/strong>, <strong>mlieko<\/strong>, <strong>ovocie<\/strong> a <strong>orechy<\/strong>, <strong>zeler<\/strong>, <strong>siri\u010ditany<\/strong>.<\/p>\n<p>Krajina p\u00f4vodu: Belgicko.<\/p>\n<p><a href=\"http:\/\/www.dolfin.be\/\" target=\"_blank\" rel=\"noopener noreferrer\"><br \/>\n<img decoding=\"async\" src=\"https:\/\/www.positivitee.sk\/img\/Dolfin\/dolfin_logo_7.jpg\" alt=\"Dolfin - The Art of Blending\" \/><br \/>\n<\/a><\/p>\n","protected":false},"excerpt":{"rendered":"<p>DO2503 Hor\u00faca \u010dokol\u00e1da s chu\u0165ou gril\u00e1\u017ee, 250g.<\/p>\n","protected":false},"featured_media":389,"template":"","meta":{"jetpack_post_was_ever_published":false,"jetpack_publicize_message":"","jetpack_publicize_feature_enabled":true,"jetpack_social_post_already_shared":true,"jetpack_social_options":{"image_generator_settings":{"template":"highway","default_image_id":0,"font":"","enabled":false},"version":2}},"product_brand":[],"product_cat":[40],"product_tag":[],"class_list":{"0":"post-388","1":"product","2":"type-product","3":"status-publish","4":"has-post-thumbnail","6":"product_cat-rucne-robene-cukrovinky-z-belgicka","8":"first","9":"instock","10":"shipping-taxable","11":"purchasable","12":"product-type-simple"},"jetpack_publicize_connections":[],"jetpack_sharing_enabled":true,"_links":{"self":[{"href":"https:\/\/www.positivitee.sk\/index.php\/wp-json\/wp\/v2\/product\/388","targetHints":{"allow":["GET"]}}],"collection":[{"href":"https:\/\/www.positivitee.sk\/index.php\/wp-json\/wp\/v2\/product"}],"about":[{"href":"https:\/\/www.positivitee.sk\/index.php\/wp-json\/wp\/v2\/types\/product"}],"wp:featuredmedia":[{"embeddable":true,"href":"https:\/\/www.positivitee.sk\/index.php\/wp-json\/wp\/v2\/media\/389"}],"wp:attachment":[{"href":"https:\/\/www.positivitee.sk\/index.php\/wp-json\/wp\/v2\/media?parent=388"}],"wp:term":[{"taxonomy":"product_brand","embeddable":true,"href":"https:\/\/www.positivitee.sk\/index.php\/wp-json\/wp\/v2\/product_brand?post=388"},{"taxonomy":"product_cat","embeddable":true,"href":"https:\/\/www.positivitee.sk\/index.php\/wp-json\/wp\/v2\/product_cat?post=388"},{"taxonomy":"product_tag","embeddable":true,"href":"https:\/\/www.positivitee.sk\/index.php\/wp-json\/wp\/v2\/product_tag?post=388"}],"curies":[{"name":"wp","href":"https:\/\/api.w.org\/{rel}","templated":true}]}}