{"id":3886,"date":"2020-05-04T05:33:13","date_gmt":"2020-05-04T05:33:13","guid":{"rendered":"https:\/\/www.positivitee.sk\/?post_type=product&#038;p=3886"},"modified":"2026-05-12T07:38:46","modified_gmt":"2026-05-12T07:38:46","slug":"premium-tea-nilgiri-blue-mountain-frost-tea-100g","status":"publish","type":"product","link":"https:\/\/www.positivitee.sk\/index.php\/product\/premium-tea-nilgiri-blue-mountain-frost-tea-100g\/","title":{"rendered":"Premium Tea &#8211; Nilgiri BLUE MOUNTAIN FROST TEA, 100g"},"content":{"rendered":"<p><code>3491<\/code>Nilgiri BLUE MOUNTAIN FROST TEA, 100g.<img decoding=\"async\" src=\"https:\/\/www.positivitee.sk\/img\/Premium\/00-03491_stamm_1.jpg\" alt=\"Nilgiri BLUE MOUNTAIN FROST TEA\" \/><\/p>\n<p>V\u00fdnimo\u010dn\u00e1 \u0161pecialita z ju\u017enej Indie. T\u00e1to poch\u00fa\u0165ka je zberan\u00e1 len v priebehu nieko\u013ek\u00fdch dn\u00ed v zime. Zberaj\u00fa sa len tie najjemnej\u0161ie vrchn\u00e9 l\u00edstky, ktor\u00e9 boli zasiahnut\u00e9 mrazom.<br \/>\n\u010caj z ju\u017enej Indie zo \u0161t\u00e1tu Tamil Nadu z pohoria Nilgiri je ozna\u010dovan\u00fd Blue Mountains v d\u00f4sledku kr\u00edkov Strobilanthes kunthianus alebo kr\u00e1tko Kutinj, kror\u00e9 rast\u00fa na kopcoch Nilgiri a kvitn\u00fa raz za 12 rokov modr\u00fdmi kvietkami tvaru zvon\u010dekov.<\/p>\n<p>\u010caj je zberan\u00fd v zime. Mr\u00e1z predtsavuje stresov\u00fd faktor pre kr\u00edky \u010dajovn\u00edka a aj preto m\u00e1me \u010daj komplexnej ar\u00f3my a chuti.<br \/>\nSuch\u00e9 \u010dajov\u00e9 l\u00edstky maj\u00fa pr\u00edjemn\u00fa nasl\u00e1dlu ar\u00f3mu, po zaliat\u00ed evidentn\u00e9 t\u00f3ny tmavej \u010dokol\u00e1dy, \u010fatl\u00ed a bobu\u013eov\u00e9ho ovocia.<br \/>\nN\u00e1poj ovocnej ar\u00f3my s pr\u00edtomnos\u0165ou \u010dokol\u00e1dy a subt\u00edlna kvetovos\u0165.<br \/>\nChu\u0165 je hladk\u00e1, stredn\u00e9 telo, \u017eiadna horkos\u0165, dochu\u0165 citrusov.<br \/>\nJedn\u00fdm slovom DELIKATESA<br \/>\nZlo\u017eenie: indick\u00fd \u010dierny \u010daj<\/p>\n<p>Pr\u00edprava: 1 \u010dajov\u00fa ly\u017ei\u010dku (2g) \u010daju zalejeme 2,5dl vody 100\u00b0C. L\u00fahujte 2 &#8211; 3 min\u00faty.<\/p>\n","protected":false},"excerpt":{"rendered":"<p>3491 Nilgiri BLUE MOUNTAIN FROST TEA, 100g.<\/p>\n","protected":false},"featured_media":3887,"template":"","meta":{"jetpack_post_was_ever_published":false,"jetpack_publicize_message":"","jetpack_publicize_feature_enabled":true,"jetpack_social_post_already_shared":true,"jetpack_social_options":{"image_generator_settings":{"template":"highway","default_image_id":0,"font":"","enabled":false},"version":2}},"product_brand":[],"product_cat":[50,69],"product_tag":[],"class_list":{"0":"post-3886","1":"product","2":"type-product","3":"status-publish","4":"has-post-thumbnail","6":"product_cat-premium-caje","7":"product_cat-cierne","9":"first","10":"instock","11":"shipping-taxable","12":"purchasable","13":"product-type-simple"},"jetpack_publicize_connections":[],"jetpack_sharing_enabled":true,"_links":{"self":[{"href":"https:\/\/www.positivitee.sk\/index.php\/wp-json\/wp\/v2\/product\/3886","targetHints":{"allow":["GET"]}}],"collection":[{"href":"https:\/\/www.positivitee.sk\/index.php\/wp-json\/wp\/v2\/product"}],"about":[{"href":"https:\/\/www.positivitee.sk\/index.php\/wp-json\/wp\/v2\/types\/product"}],"wp:featuredmedia":[{"embeddable":true,"href":"https:\/\/www.positivitee.sk\/index.php\/wp-json\/wp\/v2\/media\/3887"}],"wp:attachment":[{"href":"https:\/\/www.positivitee.sk\/index.php\/wp-json\/wp\/v2\/media?parent=3886"}],"wp:term":[{"taxonomy":"product_brand","embeddable":true,"href":"https:\/\/www.positivitee.sk\/index.php\/wp-json\/wp\/v2\/product_brand?post=3886"},{"taxonomy":"product_cat","embeddable":true,"href":"https:\/\/www.positivitee.sk\/index.php\/wp-json\/wp\/v2\/product_cat?post=3886"},{"taxonomy":"product_tag","embeddable":true,"href":"https:\/\/www.positivitee.sk\/index.php\/wp-json\/wp\/v2\/product_tag?post=3886"}],"curies":[{"name":"wp","href":"https:\/\/api.w.org\/{rel}","templated":true}]}}