{"id":396,"date":"2019-04-12T07:51:15","date_gmt":"2019-04-12T07:51:15","guid":{"rendered":"http:\/\/www.positivitee.sk\/?post_type=product&#038;p=396"},"modified":"2026-04-07T18:32:01","modified_gmt":"2026-04-07T18:32:01","slug":"bredemeijer-silhouet-cosette-mangenta","status":"publish","type":"product","link":"https:\/\/www.positivitee.sk\/index.php\/product\/bredemeijer-silhouet-cosette-mangenta\/","title":{"rendered":"\u010cajn\u00edk BREDEMEIJER\u00ae- Silhouet Cosette, \u010derven\u00e1"},"content":{"rendered":"<p>Silhouet Cosette, \u010derven\u00e1, 1.3l. Klasick\u00fd kameninov\u00fd \u010dajn\u00edk holandskej zna\u010dky BREDEMEIJER\u00ae zalo\u017eenej v roku 1914, model Silhouette Cosette Teapot, objem 1,3 Litra s integrovan\u00fdm s\u00edtkom.<br \/>\nV zna\u010dkovej krabici s certifik\u00e1tom p\u00f4vodu a kvality.<br \/>\n<img decoding=\"async\" src=\"https:\/\/www.positivitee.sk\/img\/Bredemeijer\/SCcerveny.jpg\" alt=\"Silhouet Cosette, \u010derven\u00e1\" \/><\/p>\n<p><a href=\"https:\/\/www.bredemeijer.com\/\" target=\"_blank\" rel=\"noopener noreferrer\"><br \/>\n<img decoding=\"async\" src=\"https:\/\/www.positivitee.sk\/img\/Bredemeijer\/312x74_298-bredemeijer_logo.jpg\" alt=\"Bredemeijer\" \/><br \/>\n<\/a><\/p>\n","protected":false},"excerpt":{"rendered":"<p>Silhouet Cosette, \u010derven\u00e1, 1.3l.<\/p>\n","protected":false},"featured_media":397,"template":"","meta":{"jetpack_post_was_ever_published":false,"jetpack_publicize_message":"","jetpack_publicize_feature_enabled":true,"jetpack_social_post_already_shared":true,"jetpack_social_options":{"image_generator_settings":{"template":"highway","default_image_id":0,"font":"","enabled":false},"version":2}},"product_brand":[],"product_cat":[57,52],"product_tag":[59],"class_list":{"0":"post-396","1":"product","2":"type-product","3":"status-publish","4":"has-post-thumbnail","6":"product_cat-bredemeijer","7":"product_cat-cajniky","8":"product_tag-cervena","10":"first","11":"instock","12":"shipping-taxable","13":"purchasable","14":"product-type-simple"},"jetpack_publicize_connections":[],"jetpack_sharing_enabled":true,"_links":{"self":[{"href":"https:\/\/www.positivitee.sk\/index.php\/wp-json\/wp\/v2\/product\/396","targetHints":{"allow":["GET"]}}],"collection":[{"href":"https:\/\/www.positivitee.sk\/index.php\/wp-json\/wp\/v2\/product"}],"about":[{"href":"https:\/\/www.positivitee.sk\/index.php\/wp-json\/wp\/v2\/types\/product"}],"wp:featuredmedia":[{"embeddable":true,"href":"https:\/\/www.positivitee.sk\/index.php\/wp-json\/wp\/v2\/media\/397"}],"wp:attachment":[{"href":"https:\/\/www.positivitee.sk\/index.php\/wp-json\/wp\/v2\/media?parent=396"}],"wp:term":[{"taxonomy":"product_brand","embeddable":true,"href":"https:\/\/www.positivitee.sk\/index.php\/wp-json\/wp\/v2\/product_brand?post=396"},{"taxonomy":"product_cat","embeddable":true,"href":"https:\/\/www.positivitee.sk\/index.php\/wp-json\/wp\/v2\/product_cat?post=396"},{"taxonomy":"product_tag","embeddable":true,"href":"https:\/\/www.positivitee.sk\/index.php\/wp-json\/wp\/v2\/product_tag?post=396"}],"curies":[{"name":"wp","href":"https:\/\/api.w.org\/{rel}","templated":true}]}}