{"id":4466,"date":"2020-11-12T19:40:59","date_gmt":"2020-11-12T19:40:59","guid":{"rendered":"https:\/\/www.positivitee.sk\/?post_type=product&#038;p=4466"},"modified":"2024-12-04T13:52:46","modified_gmt":"2024-12-04T13:52:46","slug":"trendglas-jena-cajnik-hudson-antikorovym-sitkom-25-litra","status":"publish","type":"product","link":"https:\/\/www.positivitee.sk\/index.php\/product\/trendglas-jena-cajnik-hudson-antikorovym-sitkom-25-litra\/","title":{"rendered":"Trendglas Jena &#8211;  \u010cajn\u00edk HUDSON objem 2,5 litra s antikorov\u00fdm s\u00edtkom"},"content":{"rendered":"<p>126001 \u010cajn\u00edk HUDSON objem 2,5 litra s antikorov\u00fdm s\u00edtkom<\/p>\n<p><img loading=\"lazy\" decoding=\"async\" class=\"attachment-266x266 size-266x266\" src=\"https:\/\/www.positivitee.sk\/wp-content\/uploads\/2020\/11\/Teekanne-HUDSON-2-5l-126001_2-324x324.jpg\" sizes=\"auto, (max-width: 266px) 100vw, 266px\" srcset=\"https:\/\/www.positivitee.sk\/wp-content\/uploads\/2020\/11\/Teekanne-HUDSON-2-5l-126001_2-324x324.jpg 324w, https:\/\/www.positivitee.sk\/wp-content\/uploads\/2020\/11\/Teekanne-HUDSON-2-5l-126001_2-150x150.jpg 150w, https:\/\/www.positivitee.sk\/wp-content\/uploads\/2020\/11\/Teekanne-HUDSON-2-5l-126001_2-100x100.jpg 100w\" alt=\"\" width=\"266\" height=\"266\" \/><\/p>\n<p>Produkt nemeckej zna\u010dky Trendglas Jena Gmbh, objem 2,5 litra s jemne vrtan\u00fdm, hlbok\u00fdm antikorov\u00fdm integrovan\u00fdm filtrom (s\u00edtkom).<\/p>\n<p>Sodno-v\u00e1penato-kremi\u010dit\u00e9 sklo, z ktor\u00e9ho je vyroben\u00e9 telo \u010dajn\u00edka, je v\u00f4bec najodolnej\u0161ie sklo vo\u010di vysok\u00fdm teplot\u00e1m a je vhodn\u00e9 do um\u00fdva\u010dky riadu aj do mikrovlnky .<\/p>\n<p>Elegentn\u00fd \u010dajn\u00edk \u010dist\u00fdch l\u00ednii s objemom 2,5 litra, je jedn\u00fdm z najobjemnej\u0161\u00edch \u010dajn\u00edkoch na trhu v\u00f4bec. Hlbok\u00e9, jemne v\u0155tan\u00e9 s\u00edtko zaru\u010d\u00ed perfektn\u00e9 vyl\u00fahovanie \u010dajov\u00fdch l\u00edstkov. Skvel\u00fd aj na pr\u00edpravu dom\u00e1cich \u013eadov\u00fdch \u010dajov a limon\u00e1d. Bez s\u00edtka posl\u00fa\u017ei ako kr\u010dah na pod\u00e1vanie n\u00e1pojov.<\/p>\n<div class=\"widget-inner col-12 col-md-4 widget-prop-md-3-2\">\n<div>\n<div class=\"widget widget-text widget-none m-0\">\n<div class=\"widget-inner bg-appearance mt-3 mr-4 mb-0 ml-4\"><\/div>\n<\/div>\n<div class=\"widget widget-text widget-none my-singleitem-data-1 m-0\">\n<div class=\"widget-inner bg-appearance pt-0 pr-4 pb-1 pl-4\">\n<p><strong>Rozmery: <\/strong><span class=\"HBT\">250 mm | 175 mm | 150 mm<\/span><\/p>\n<\/div>\n<\/div>\n<\/div>\n<\/div>\n<p>S\u00fa\u010das\u0165ou je certifik\u00e1t p\u00f4vodu v\u00fdroku.<\/p>\n<p><a href=\"http:\/\/www.trendglas-jena.com\/\" target=\"_blank\" rel=\"noopener noreferrer\"><br \/>\n<img decoding=\"async\" src=\"https:\/\/www.positivitee.sk\/img\/Trendglas\/logo.png\" alt=\"Trendglas Jena\" \/><br \/>\n<\/a><\/p>\n","protected":false},"excerpt":{"rendered":"<p>126001 \u010cajn\u00edk HUDSON objem 2,5 litra s antikorov\u00fdm s\u00edtkom<\/p>\n","protected":false},"featured_media":4449,"template":"","meta":{"jetpack_post_was_ever_published":false,"jetpack_publicize_message":"","jetpack_publicize_feature_enabled":true,"jetpack_social_post_already_shared":true,"jetpack_social_options":{"image_generator_settings":{"template":"highway","default_image_id":0,"font":"","enabled":false},"version":2}},"product_brand":[],"product_cat":[84],"product_tag":[],"class_list":{"0":"post-4466","1":"product","2":"type-product","3":"status-publish","4":"has-post-thumbnail","6":"product_cat-trendglas-jena","8":"first","9":"instock","10":"shipping-taxable","11":"purchasable","12":"product-type-simple"},"jetpack_publicize_connections":[],"jetpack_sharing_enabled":true,"_links":{"self":[{"href":"https:\/\/www.positivitee.sk\/index.php\/wp-json\/wp\/v2\/product\/4466","targetHints":{"allow":["GET"]}}],"collection":[{"href":"https:\/\/www.positivitee.sk\/index.php\/wp-json\/wp\/v2\/product"}],"about":[{"href":"https:\/\/www.positivitee.sk\/index.php\/wp-json\/wp\/v2\/types\/product"}],"wp:featuredmedia":[{"embeddable":true,"href":"https:\/\/www.positivitee.sk\/index.php\/wp-json\/wp\/v2\/media\/4449"}],"wp:attachment":[{"href":"https:\/\/www.positivitee.sk\/index.php\/wp-json\/wp\/v2\/media?parent=4466"}],"wp:term":[{"taxonomy":"product_brand","embeddable":true,"href":"https:\/\/www.positivitee.sk\/index.php\/wp-json\/wp\/v2\/product_brand?post=4466"},{"taxonomy":"product_cat","embeddable":true,"href":"https:\/\/www.positivitee.sk\/index.php\/wp-json\/wp\/v2\/product_cat?post=4466"},{"taxonomy":"product_tag","embeddable":true,"href":"https:\/\/www.positivitee.sk\/index.php\/wp-json\/wp\/v2\/product_tag?post=4466"}],"curies":[{"name":"wp","href":"https:\/\/api.w.org\/{rel}","templated":true}]}}