{"id":4543,"date":"2020-12-01T11:46:19","date_gmt":"2020-12-01T11:46:19","guid":{"rendered":"https:\/\/www.positivitee.sk\/?post_type=product&#038;p=4543"},"modified":"2024-10-28T13:54:02","modified_gmt":"2024-10-28T13:54:02","slug":"premium-tea-rooibos-pomaranc-100g","status":"publish","type":"product","link":"https:\/\/www.positivitee.sk\/index.php\/product\/premium-tea-rooibos-pomaranc-100g\/","title":{"rendered":"Premium Tea &#8211; ROOIBOS POMARAN\u010c, 100g"},"content":{"rendered":"<p><code>6701<\/code>ROOIBOS POMARAN\u010c, 100g.<\/p>\n<p><img loading=\"lazy\" decoding=\"async\" class=\"attachment-266x266 size-266x266\" src=\"https:\/\/www.positivitee.sk\/wp-content\/uploads\/2020\/12\/00-06701_stamm_1-300x300.jpg\" sizes=\"auto, (max-width: 266px) 100vw, 266px\" srcset=\"https:\/\/www.positivitee.sk\/wp-content\/uploads\/2020\/12\/00-06701_stamm_1-300x300.jpg 300w, https:\/\/www.positivitee.sk\/wp-content\/uploads\/2020\/12\/00-06701_stamm_1-150x150.jpg 150w, https:\/\/www.positivitee.sk\/wp-content\/uploads\/2020\/12\/00-06701_stamm_1-324x324.jpg 324w, https:\/\/www.positivitee.sk\/wp-content\/uploads\/2020\/12\/00-06701_stamm_1-100x100.jpg 100w, https:\/\/www.positivitee.sk\/wp-content\/uploads\/2020\/12\/00-06701_stamm_1.jpg 340w\" alt=\"\" width=\"266\" height=\"266\" \/><br \/>\n\u013dahk\u00fd bezkofeinov\u00fd ovocn\u00fd rooibos z Ju\u017enej Afriky zjemnen\u00fd pomaran\u010dovou k\u00f4rou a pomaran\u010dovou ar\u00f3mou.<\/p>\n<p>Pln\u00e1 nasl\u00e1dla chu\u0165 rooibosu s t\u00f3nmi pomaran\u010dov.<\/p>\n<p>Chut\u00ed tepl\u00fd ale aj v podobe \u013eadov\u00e9ho \u010daju mal\u00fdm aj ve\u013ek\u00fdm.<\/p>\n<p>Zlo\u017eenie: rooibos, pomaran\u010dov\u00e1 k\u00f4ra, pomaran\u010dov\u00e1 r\u00f3ma<\/p>\n<p>Pr\u00edprava: 1 \u010dajov\u00fa ly\u017ei\u010dku (2g) \u010daju zalejeme 2,5dl vriacej vody. L\u00fahujte 5 a\u017e 8 min\u00fat.<\/p>\n","protected":false},"excerpt":{"rendered":"<p>6701 ROOIBOS POMARAN\u010c, 100g.<\/p>\n","protected":false},"featured_media":4544,"template":"","meta":{"jetpack_post_was_ever_published":false,"jetpack_publicize_message":"","jetpack_publicize_feature_enabled":true,"jetpack_social_post_already_shared":true,"jetpack_social_options":{"image_generator_settings":{"template":"highway","default_image_id":0,"font":"","enabled":false},"version":2}},"product_brand":[],"product_cat":[50,73],"product_tag":[],"class_list":{"0":"post-4543","1":"product","2":"type-product","3":"status-publish","4":"has-post-thumbnail","6":"product_cat-premium-caje","7":"product_cat-rooibos","9":"first","10":"instock","11":"shipping-taxable","12":"purchasable","13":"product-type-simple"},"jetpack_publicize_connections":[],"jetpack_sharing_enabled":true,"_links":{"self":[{"href":"https:\/\/www.positivitee.sk\/index.php\/wp-json\/wp\/v2\/product\/4543","targetHints":{"allow":["GET"]}}],"collection":[{"href":"https:\/\/www.positivitee.sk\/index.php\/wp-json\/wp\/v2\/product"}],"about":[{"href":"https:\/\/www.positivitee.sk\/index.php\/wp-json\/wp\/v2\/types\/product"}],"wp:featuredmedia":[{"embeddable":true,"href":"https:\/\/www.positivitee.sk\/index.php\/wp-json\/wp\/v2\/media\/4544"}],"wp:attachment":[{"href":"https:\/\/www.positivitee.sk\/index.php\/wp-json\/wp\/v2\/media?parent=4543"}],"wp:term":[{"taxonomy":"product_brand","embeddable":true,"href":"https:\/\/www.positivitee.sk\/index.php\/wp-json\/wp\/v2\/product_brand?post=4543"},{"taxonomy":"product_cat","embeddable":true,"href":"https:\/\/www.positivitee.sk\/index.php\/wp-json\/wp\/v2\/product_cat?post=4543"},{"taxonomy":"product_tag","embeddable":true,"href":"https:\/\/www.positivitee.sk\/index.php\/wp-json\/wp\/v2\/product_tag?post=4543"}],"curies":[{"name":"wp","href":"https:\/\/api.w.org\/{rel}","templated":true}]}}