{"id":4555,"date":"2020-12-07T08:42:58","date_gmt":"2020-12-07T08:42:58","guid":{"rendered":"https:\/\/www.positivitee.sk\/?post_type=product&#038;p=4555"},"modified":"2023-12-02T17:08:16","modified_gmt":"2023-12-02T17:08:16","slug":"premium-tea-zimna-rozpravka-100-g","status":"publish","type":"product","link":"https:\/\/www.positivitee.sk\/index.php\/product\/premium-tea-zimna-rozpravka-100-g\/","title":{"rendered":"Premium Tea &#8211; ZIMN\u00c1 ROZPR\u00c1VKA, 100 g"},"content":{"rendered":"<p><code>6381 ZIMN\u00c1 ROZPR\u00c1VKA, 100 g<\/code><\/p>\n<p><img loading=\"lazy\" decoding=\"async\" class=\"attachment-266x266 size-266x266\" src=\"https:\/\/www.positivitee.sk\/wp-content\/uploads\/2020\/12\/00-06381_stamm-300x300.jpg\" sizes=\"auto, (max-width: 266px) 100vw, 266px\" srcset=\"https:\/\/www.positivitee.sk\/wp-content\/uploads\/2020\/12\/00-06381_stamm-300x300.jpg 300w, https:\/\/www.positivitee.sk\/wp-content\/uploads\/2020\/12\/00-06381_stamm-150x150.jpg 150w, https:\/\/www.positivitee.sk\/wp-content\/uploads\/2020\/12\/00-06381_stamm-324x324.jpg 324w, https:\/\/www.positivitee.sk\/wp-content\/uploads\/2020\/12\/00-06381_stamm-100x100.jpg 100w, https:\/\/www.positivitee.sk\/wp-content\/uploads\/2020\/12\/00-06381_stamm.jpg 340w\" alt=\"\" width=\"266\" height=\"266\" \/><\/p>\n<p>Fenomn\u00e1lna zimn\u00e1 ovocn\u00e1 zmes. Kombin\u00e1cia pr\u00e9miov\u00fdch jab\u013ak, \u0161\u00edpok, kvet\u00edn ibi\u0161teka, \u0161korice a klin\u010dekov doladen\u00e1 kvalitnou ar\u00f3mou vanilky a \u0161korice. N\u00e1poj pre\u00a0 magick\u00e9 zimn\u00e9 dni.<\/p>\n<p>Zlo\u017eenie: k\u00fasky jab\u013ak, \u0161\u00edpky, ibi\u0161tek, \u0161korica, klin\u010deky, ar\u00f3ma vanilky a \u0161korice<\/p>\n<p>Pr\u00edprava: 1 \u010dajov\u00fa ly\u017ei\u010dku (2g) \u010daju zalejeme 2,5dl vriacej vody. L\u00fahujte 5 a\u017e 8 min\u00fat.<\/p>\n","protected":false},"excerpt":{"rendered":"<p><code><\/code><code><\/code><code>6381 ZIMN\u00c1 ROZPR\u00c1VKA, 100 g<\/code><\/p>\n","protected":false},"featured_media":4556,"template":"","meta":{"jetpack_post_was_ever_published":false,"jetpack_publicize_message":"","jetpack_publicize_feature_enabled":true,"jetpack_social_post_already_shared":true,"jetpack_social_options":{"image_generator_settings":{"template":"highway","default_image_id":0,"font":"","enabled":false},"version":2}},"product_brand":[],"product_cat":[50,72],"product_tag":[],"class_list":{"0":"post-4555","1":"product","2":"type-product","3":"status-publish","4":"has-post-thumbnail","6":"product_cat-premium-caje","7":"product_cat-ovocne","9":"first","10":"outofstock","11":"shipping-taxable","12":"purchasable","13":"product-type-simple"},"jetpack_publicize_connections":[],"jetpack_sharing_enabled":true,"_links":{"self":[{"href":"https:\/\/www.positivitee.sk\/index.php\/wp-json\/wp\/v2\/product\/4555","targetHints":{"allow":["GET"]}}],"collection":[{"href":"https:\/\/www.positivitee.sk\/index.php\/wp-json\/wp\/v2\/product"}],"about":[{"href":"https:\/\/www.positivitee.sk\/index.php\/wp-json\/wp\/v2\/types\/product"}],"wp:featuredmedia":[{"embeddable":true,"href":"https:\/\/www.positivitee.sk\/index.php\/wp-json\/wp\/v2\/media\/4556"}],"wp:attachment":[{"href":"https:\/\/www.positivitee.sk\/index.php\/wp-json\/wp\/v2\/media?parent=4555"}],"wp:term":[{"taxonomy":"product_brand","embeddable":true,"href":"https:\/\/www.positivitee.sk\/index.php\/wp-json\/wp\/v2\/product_brand?post=4555"},{"taxonomy":"product_cat","embeddable":true,"href":"https:\/\/www.positivitee.sk\/index.php\/wp-json\/wp\/v2\/product_cat?post=4555"},{"taxonomy":"product_tag","embeddable":true,"href":"https:\/\/www.positivitee.sk\/index.php\/wp-json\/wp\/v2\/product_tag?post=4555"}],"curies":[{"name":"wp","href":"https:\/\/api.w.org\/{rel}","templated":true}]}}