{"id":4590,"date":"2021-01-28T09:25:16","date_gmt":"2021-01-28T09:25:16","guid":{"rendered":"https:\/\/www.positivitee.sk\/?post_type=product&#038;p=4590"},"modified":"2024-10-28T13:52:55","modified_gmt":"2024-10-28T13:52:55","slug":"premium-tea-rooibos-karamelova-salka-100g","status":"publish","type":"product","link":"https:\/\/www.positivitee.sk\/index.php\/product\/premium-tea-rooibos-karamelova-salka-100g\/","title":{"rendered":"Premium Tea &#8211; ROOIBOS KARAMELOV\u00c1 \u0160\u00c1LKA, 100g"},"content":{"rendered":"<p><code>6721<\/code>ROOIBOS KARAMELOV\u00c1 \u0160\u00c1LKA, 100g.<\/p>\n<p><img loading=\"lazy\" decoding=\"async\" class=\"attachment-266x266 size-266x266\" src=\"https:\/\/www.positivitee.sk\/wp-content\/uploads\/2021\/01\/00-06721_stamm_1-300x300.jpg\" sizes=\"auto, (max-width: 266px) 100vw, 266px\" srcset=\"https:\/\/www.positivitee.sk\/wp-content\/uploads\/2021\/01\/00-06721_stamm_1-300x300.jpg 300w, https:\/\/www.positivitee.sk\/wp-content\/uploads\/2021\/01\/00-06721_stamm_1-150x150.jpg 150w, https:\/\/www.positivitee.sk\/wp-content\/uploads\/2021\/01\/00-06721_stamm_1-324x324.jpg 324w, https:\/\/www.positivitee.sk\/wp-content\/uploads\/2021\/01\/00-06721_stamm_1-100x100.jpg 100w, https:\/\/www.positivitee.sk\/wp-content\/uploads\/2021\/01\/00-06721_stamm_1.jpg 340w\" alt=\"\" width=\"266\" height=\"266\" \/><\/p>\n<p>Mimoriadne lahodn\u00fd, v chuti \u013eahk\u00fd a na miner\u00e1ly bohat\u00fd rooibos z Ju\u017enej Afriky, Svojou prirodzenou sladkos\u0165ou harmonizuje s chu\u0165ou pridan\u00fdch k\u00faskov karamelu a v\u00fdberovou karamelovou pr\u00edchu\u0165ou. Nie bezd\u00f4vodne jeden z najpopul\u00e1rnej\u0161\u00edch rooibosov v na\u0161ej ponuke v\u00f4bec.<\/p>\n<p>Za pozornos\u0165 stoj\u00ed aj pod\u00e1van\u00fd s mliekom.<\/p>\n<p>Zlo\u017eenie: rooibos, k\u00faky karamelu (cukor, sladen\u00e9 kondenzovan\u00e9 mlieko, gluk\u00f3zov\u00fd sirup, maslo, s\u00f3jov\u00fd lecit\u00edn, so\u013e), pr\u00edrodn\u00e1 karamelov\u00e1 ar\u00f3ma<\/p>\n<p>Pr\u00edprava: 1 \u010dajov\u00fa ly\u017ei\u010dku (2g) \u010daju zalejeme 2,5dl vriacej vody. L\u00fahujte 5 a\u017e 8 min\u00fat.<\/p>\n","protected":false},"excerpt":{"rendered":"<p>6721 ROOIBOS KARAMELOV\u00c1 \u0160\u00c1LKA, 100g.<\/p>\n","protected":false},"featured_media":4591,"template":"","meta":{"jetpack_post_was_ever_published":false,"jetpack_publicize_message":"","jetpack_publicize_feature_enabled":true,"jetpack_social_post_already_shared":true,"jetpack_social_options":{"image_generator_settings":{"template":"highway","default_image_id":0,"font":"","enabled":false},"version":2}},"product_brand":[],"product_cat":[50,73],"product_tag":[],"class_list":{"0":"post-4590","1":"product","2":"type-product","3":"status-publish","4":"has-post-thumbnail","6":"product_cat-premium-caje","7":"product_cat-rooibos","9":"first","10":"instock","11":"shipping-taxable","12":"purchasable","13":"product-type-simple"},"jetpack_publicize_connections":[],"jetpack_sharing_enabled":true,"_links":{"self":[{"href":"https:\/\/www.positivitee.sk\/index.php\/wp-json\/wp\/v2\/product\/4590","targetHints":{"allow":["GET"]}}],"collection":[{"href":"https:\/\/www.positivitee.sk\/index.php\/wp-json\/wp\/v2\/product"}],"about":[{"href":"https:\/\/www.positivitee.sk\/index.php\/wp-json\/wp\/v2\/types\/product"}],"wp:featuredmedia":[{"embeddable":true,"href":"https:\/\/www.positivitee.sk\/index.php\/wp-json\/wp\/v2\/media\/4591"}],"wp:attachment":[{"href":"https:\/\/www.positivitee.sk\/index.php\/wp-json\/wp\/v2\/media?parent=4590"}],"wp:term":[{"taxonomy":"product_brand","embeddable":true,"href":"https:\/\/www.positivitee.sk\/index.php\/wp-json\/wp\/v2\/product_brand?post=4590"},{"taxonomy":"product_cat","embeddable":true,"href":"https:\/\/www.positivitee.sk\/index.php\/wp-json\/wp\/v2\/product_cat?post=4590"},{"taxonomy":"product_tag","embeddable":true,"href":"https:\/\/www.positivitee.sk\/index.php\/wp-json\/wp\/v2\/product_tag?post=4590"}],"curies":[{"name":"wp","href":"https:\/\/api.w.org\/{rel}","templated":true}]}}