{"id":6002,"date":"2024-11-10T07:17:36","date_gmt":"2024-11-10T07:17:36","guid":{"rendered":"https:\/\/www.positivitee.sk\/?post_type=product&#038;p=6002"},"modified":"2025-03-05T09:24:05","modified_gmt":"2025-03-05T09:24:05","slug":"torrone-tmava-cokolada-s-lieskovcami-bez-lepku-200-g","status":"publish","type":"product","link":"https:\/\/www.positivitee.sk\/index.php\/product\/torrone-tmava-cokolada-s-lieskovcami-bez-lepku-200-g\/","title":{"rendered":"Torrone &#8211; TMAV\u00c1 \u010cOKOL\u00c1DA S LIESKOVCAMI, BEZ LEPKU, 200 G"},"content":{"rendered":"<p><code>T1602602000<\/code>TMAV\u00c1 \u010cOKOL\u00c1DA S LIESKOVCAMI, BEZ LEPKU, 200 G<\/p>\n<p><img decoding=\"async\" src=\"https:\/\/www.positivitee.sk\/wp-content\/uploads\/2024\/11\/tm.png\" \/><\/p>\n<p>ZLo\u017eenie: tmav\u00e1 \u010dokol\u00e1da 56% (cukor, kakov\u00e1 pasta, kakaov\u00e9 maslo, emulg\u00e1tor: S\u00d3JOV\u00dd LECIT\u00cdN, pr\u00edrodn\u00e1 vanilkov\u00e1 ar\u00f3ma, min.obsah kakaa 52%), LIESKOVCE 44% (PIEDMONTSK\u00c9 LIESKOVCE, LIESKOVCOV\u00c1 PASTA).<\/p>\n<p>M\u00f4\u017ee obsahova\u0165 MANDLE, PIST\u00c1CIE a MLIEKO.<\/p>\n<p>Nutri\u010dn\u00e9 hodnoty na 100 g produktu: energia 2474 kj\/595 kcal, tuk 43,87 g z toho nas\u00fdten\u00e9 15,76 g, uh\u013eohydr\u00e1ty 38,79 g z toho cukor 34,94 g, bielkoviny 8,61 g, so\u013e 2e \u2013 005 g, vl\u00e1knina 5,83 g<\/p>\n<p>Vyroben\u00e9 v Taliansku<\/p>\n<p><img loading=\"lazy\" decoding=\"async\" class=\"alignnone size-medium wp-image-5055\" src=\"https:\/\/www.positivitee.sk\/wp-content\/uploads\/2021\/11\/antica_logo_square-300x300.png\" alt=\"\" width=\"300\" height=\"300\" srcset=\"https:\/\/www.positivitee.sk\/wp-content\/uploads\/2021\/11\/antica_logo_square-300x300.png 300w, https:\/\/www.positivitee.sk\/wp-content\/uploads\/2021\/11\/antica_logo_square-150x150.png 150w, https:\/\/www.positivitee.sk\/wp-content\/uploads\/2021\/11\/antica_logo_square-324x324.png 324w, https:\/\/www.positivitee.sk\/wp-content\/uploads\/2021\/11\/antica_logo_square-416x416.png 416w, https:\/\/www.positivitee.sk\/wp-content\/uploads\/2021\/11\/antica_logo_square-100x100.png 100w, https:\/\/www.positivitee.sk\/wp-content\/uploads\/2021\/11\/antica_logo_square.png 554w\" sizes=\"auto, (max-width: 300px) 100vw, 300px\" \/><\/p>\n","protected":false},"excerpt":{"rendered":"<p><code>T1602602000<\/code>TMAV\u00c1 \u010cOKOL\u00c1DA S LIESKOVCAMI, BEZ LEPKU, 200 G<\/p>\n","protected":false},"featured_media":6003,"template":"","meta":{"jetpack_post_was_ever_published":false,"jetpack_publicize_message":"","jetpack_publicize_feature_enabled":true,"jetpack_social_post_already_shared":true,"jetpack_social_options":{"image_generator_settings":{"template":"highway","default_image_id":0,"font":"","enabled":false},"version":2}},"product_brand":[],"product_cat":[119],"product_tag":[],"class_list":{"0":"post-6002","1":"product","2":"type-product","3":"status-publish","4":"has-post-thumbnail","6":"product_cat-antica-torroneria-piemontese-cukrovinky-z-talianska","8":"first","9":"instock","10":"shipping-taxable","11":"purchasable","12":"product-type-simple"},"jetpack_publicize_connections":[],"jetpack_sharing_enabled":true,"_links":{"self":[{"href":"https:\/\/www.positivitee.sk\/index.php\/wp-json\/wp\/v2\/product\/6002","targetHints":{"allow":["GET"]}}],"collection":[{"href":"https:\/\/www.positivitee.sk\/index.php\/wp-json\/wp\/v2\/product"}],"about":[{"href":"https:\/\/www.positivitee.sk\/index.php\/wp-json\/wp\/v2\/types\/product"}],"wp:featuredmedia":[{"embeddable":true,"href":"https:\/\/www.positivitee.sk\/index.php\/wp-json\/wp\/v2\/media\/6003"}],"wp:attachment":[{"href":"https:\/\/www.positivitee.sk\/index.php\/wp-json\/wp\/v2\/media?parent=6002"}],"wp:term":[{"taxonomy":"product_brand","embeddable":true,"href":"https:\/\/www.positivitee.sk\/index.php\/wp-json\/wp\/v2\/product_brand?post=6002"},{"taxonomy":"product_cat","embeddable":true,"href":"https:\/\/www.positivitee.sk\/index.php\/wp-json\/wp\/v2\/product_cat?post=6002"},{"taxonomy":"product_tag","embeddable":true,"href":"https:\/\/www.positivitee.sk\/index.php\/wp-json\/wp\/v2\/product_tag?post=6002"}],"curies":[{"name":"wp","href":"https:\/\/api.w.org\/{rel}","templated":true}]}}