{"id":6100,"date":"2025-04-08T09:31:13","date_gmt":"2025-04-08T09:31:13","guid":{"rendered":"https:\/\/www.positivitee.sk\/?post_type=product&#038;p=6100"},"modified":"2025-11-12T11:01:27","modified_gmt":"2025-11-12T11:01:27","slug":"torrone-cokoladove-pralinky-tartufo-citrusove-bez-gmo-bez-lepku","status":"publish","type":"product","link":"https:\/\/www.positivitee.sk\/index.php\/product\/torrone-cokoladove-pralinky-tartufo-citrusove-bez-gmo-bez-lepku\/","title":{"rendered":"Torrone \u2013 \u010cOKOL\u00c1DOV\u00c9 PRALINKY TARTUFO CITRUSOV\u00c9, BEZ GMO, BEZ LEPKU"},"content":{"rendered":"<p><code>T0607702000<\/code> \u010cOKOL\u00c1DOV\u00c9 PRALINKY TARTUFO CITRUSOV\u00c9, BEZ GMO, BEZ LEPKU<\/p>\n<p><img decoding=\"async\" src=\"https:\/\/www.positivitee.sk\/wp-content\/uploads\/2025\/04\/489915953_691161839929062_2595396462717848857_n-1-324x324.png\" \/><\/p>\n<p lang=\"sv-SE\" align=\"left\"><span style=\"font-family: Arial, sans-serif;\">Zlo\u017eenie: biela \u010dokol\u00e1da (cukor, plnotu\u010dn\u00e9 pr\u00e1\u0161kov\u00e9 MLIEKO, kakaov\u00e9 maslo, emulg\u00e1tor: S\u00d3JOV\u00dd lecit\u00edn, pr\u00edrodn\u00e1 vanilka), LIESKOVCOV\u00c1 pasta, cukor, cit\u00f3nov\u00fd pr\u00e1\u0161ok 1 % (gluk\u00f3zov\u00fd <\/span><span style=\"font-family: Arial, sans-serif;\"><span lang=\"sv-SE\">sirup, konce<\/span><\/span><span style=\"font-family: Arial, sans-serif;\"><span lang=\"sv-SE\">n<\/span><\/span><span style=\"font-family: Arial, sans-serif;\"><span lang=\"sv-SE\">trovan\u00e1 citr\u00f3nov\u00e1 \u0161\u0165ava 40%, E551), lim<\/span><\/span><span style=\"font-family: Arial, sans-serif;\"><span lang=\"sv-SE\">e<\/span><\/span><span style=\"font-family: Arial, sans-serif;\"><span lang=\"sv-SE\">t<\/span><\/span><span style=\"font-family: Arial, sans-serif;\"><span lang=\"sv-SE\">o<\/span><\/span><span style=\"font-family: Arial, sans-serif;\"><span lang=\"sv-SE\">v\u00fd pr\u00e1\u0161ok <\/span><\/span><span style=\"font-family: Arial, sans-serif;\"><span lang=\"sv-SE\">1% ( koncentrpvan\u00e1 limetov\u00e1 \u0161\u0165ava 40%, maltodextr\u00edn, pr\u00edrodn\u00e1 citr\u00f3nov\u00e1 ar\u00f3ma), pr\u00edrodn\u00e1 citr\u00f3nov\u00e1 ar\u00f3ma. Mo\u017ee obsahova\u0165 stopy \u010fal\u0161\u00edch ORECHOV, VAJ\u00cd\u010cKA a LEPOK.<\/span><\/span><span style=\"font-family: Arial, sans-serif;\"><span lang=\"sk-SK\"> Nutri\u010dn\u00e9 hodnoty na 100g produktu: energia <\/span><\/span><span style=\"font-family: Arial, sans-serif;\"><span lang=\"sk-SK\">2309<\/span><\/span><span style=\"font-family: Arial, sans-serif;\"><span lang=\"sk-SK\"> kj\/<\/span><\/span><span style=\"font-family: Arial, sans-serif;\"><span lang=\"sk-SK\">554<\/span><\/span><span style=\"font-family: Arial, sans-serif;\"><span lang=\"sk-SK\"> kcal, tuk <\/span><\/span><span style=\"font-family: Arial, sans-serif;\"><span lang=\"sk-SK\">35<\/span><\/span><span style=\"font-family: Arial, sans-serif;\"><span lang=\"sk-SK\">g z toho nas\u00fdten\u00e9 <\/span><\/span><span style=\"font-family: Arial, sans-serif;\"><span lang=\"sk-SK\">17<\/span><\/span><span style=\"font-family: Arial, sans-serif;\"><span lang=\"sk-SK\">g, uh\u013eohydr\u00e1ty 51g z toho cukor <\/span><\/span><span style=\"font-family: Arial, sans-serif;\"><span lang=\"sk-SK\">50<\/span><\/span><span style=\"font-family: Arial, sans-serif;\"><span lang=\"sk-SK\">g, bielkoviny <\/span><\/span><span style=\"font-family: Arial, sans-serif;\"><span lang=\"sk-SK\">8<\/span><\/span><span style=\"font-family: Arial, sans-serif;\"><span lang=\"sk-SK\">,<\/span><\/span><span style=\"font-family: Arial, sans-serif;\"><span lang=\"sk-SK\">6<\/span><\/span><span style=\"font-family: Arial, sans-serif;\"><span lang=\"sk-SK\">g, so\u013e 0,<\/span><\/span><span style=\"font-family: Arial, sans-serif;\"><span lang=\"sk-SK\">19<\/span><\/span><span style=\"font-family: Arial, sans-serif;\"><span lang=\"sk-SK\">g, vl\u00e1knina <\/span><\/span><span style=\"font-family: Arial, sans-serif;\"><span lang=\"sk-SK\">2<\/span><\/span><span style=\"font-family: Arial, sans-serif;\"><span lang=\"sk-SK\">,<\/span><\/span><span style=\"font-family: Arial, sans-serif;\"><span lang=\"sk-SK\">1<\/span><\/span><span style=\"font-family: Arial, sans-serif;\"><span lang=\"sk-SK\">g.<\/span><\/span> <span style=\"font-family: Arial, sans-serif;\"><span lang=\"sk-SK\">Uskladnite v chlade <\/span><\/span> <span style=\"font-family: Arial, sans-serif;\"><span lang=\"sk-SK\">a suchu.<\/span><\/span><\/p>\n<p>Vyroben\u00e9 v Taliansku.<\/p>\n<p><img loading=\"lazy\" decoding=\"async\" class=\"alignnone size-medium wp-image-5055\" src=\"https:\/\/www.positivitee.sk\/wp-content\/uploads\/2021\/11\/antica_logo_square-300x300.png\" alt=\"\" width=\"300\" height=\"300\" srcset=\"https:\/\/www.positivitee.sk\/wp-content\/uploads\/2021\/11\/antica_logo_square-300x300.png 300w, https:\/\/www.positivitee.sk\/wp-content\/uploads\/2021\/11\/antica_logo_square-150x150.png 150w, https:\/\/www.positivitee.sk\/wp-content\/uploads\/2021\/11\/antica_logo_square-324x324.png 324w, https:\/\/www.positivitee.sk\/wp-content\/uploads\/2021\/11\/antica_logo_square-416x416.png 416w, https:\/\/www.positivitee.sk\/wp-content\/uploads\/2021\/11\/antica_logo_square-100x100.png 100w, https:\/\/www.positivitee.sk\/wp-content\/uploads\/2021\/11\/antica_logo_square.png 554w\" sizes=\"auto, (max-width: 300px) 100vw, 300px\" \/><\/p>\n","protected":false},"excerpt":{"rendered":"<p>T0607702000 \u010cOKOL\u00c1DOV\u00c9 PRALINKY TARTUFO CITRUSOV\u00c9, BEZ GMO, BEZ LEPKU<\/p>\n","protected":false},"featured_media":6102,"template":"","meta":{"jetpack_post_was_ever_published":false,"jetpack_publicize_message":"","jetpack_publicize_feature_enabled":true,"jetpack_social_post_already_shared":true,"jetpack_social_options":{"image_generator_settings":{"template":"highway","default_image_id":0,"font":"","enabled":false},"version":2}},"product_brand":[],"product_cat":[119],"product_tag":[],"class_list":{"0":"post-6100","1":"product","2":"type-product","3":"status-publish","4":"has-post-thumbnail","6":"product_cat-antica-torroneria-piemontese-cukrovinky-z-talianska","8":"first","9":"instock","10":"shipping-taxable","11":"purchasable","12":"product-type-simple"},"jetpack_publicize_connections":[],"jetpack_sharing_enabled":true,"_links":{"self":[{"href":"https:\/\/www.positivitee.sk\/index.php\/wp-json\/wp\/v2\/product\/6100","targetHints":{"allow":["GET"]}}],"collection":[{"href":"https:\/\/www.positivitee.sk\/index.php\/wp-json\/wp\/v2\/product"}],"about":[{"href":"https:\/\/www.positivitee.sk\/index.php\/wp-json\/wp\/v2\/types\/product"}],"wp:featuredmedia":[{"embeddable":true,"href":"https:\/\/www.positivitee.sk\/index.php\/wp-json\/wp\/v2\/media\/6102"}],"wp:attachment":[{"href":"https:\/\/www.positivitee.sk\/index.php\/wp-json\/wp\/v2\/media?parent=6100"}],"wp:term":[{"taxonomy":"product_brand","embeddable":true,"href":"https:\/\/www.positivitee.sk\/index.php\/wp-json\/wp\/v2\/product_brand?post=6100"},{"taxonomy":"product_cat","embeddable":true,"href":"https:\/\/www.positivitee.sk\/index.php\/wp-json\/wp\/v2\/product_cat?post=6100"},{"taxonomy":"product_tag","embeddable":true,"href":"https:\/\/www.positivitee.sk\/index.php\/wp-json\/wp\/v2\/product_tag?post=6100"}],"curies":[{"name":"wp","href":"https:\/\/api.w.org\/{rel}","templated":true}]}}