{"id":6212,"date":"2025-11-21T15:35:56","date_gmt":"2025-11-21T15:35:56","guid":{"rendered":"https:\/\/www.positivitee.sk\/?post_type=product&#038;p=6212"},"modified":"2025-11-21T16:07:20","modified_gmt":"2025-11-21T16:07:20","slug":"torrone-cokoladove-pralinky-tartufo-s-lieskovcami-slanym-karamelom-a-bielou-cokoladou-bez-gmo-bez-lepku-200-g-copy","status":"publish","type":"product","link":"https:\/\/www.positivitee.sk\/index.php\/product\/torrone-cokoladove-pralinky-tartufo-s-lieskovcami-slanym-karamelom-a-bielou-cokoladou-bez-gmo-bez-lepku-200-g-copy\/","title":{"rendered":"Torrone &#8211;  \u010cOKOL\u00c1DOV\u00c9 PRALINKY TARTUFO\u00a0 TMAV\u00c9 S \u010cOKOL\u00c1DOV\u00ddMI BOBMI, BEZ GMO, BEZ LEPKU 200g"},"content":{"rendered":"<p><code>T0609102000<\/code>\u00a0 \u010cOKOL\u00c1DOV\u00c9 PRALINKY TARTUFO\u00a0TMAV\u00c9 S \u010cOKOL\u00c1DOV\u00ddMI B\u020eBMI, BEZ GMO, BEZ LEPKU, 200 g<\/p>\n<p><img decoding=\"async\" src=\"https:\/\/www.positivitee.sk\/wp-content\/uploads\/2025\/11\/8ec68377-d557-4c6d-bf61-d5f58279d801-324x324.jpeg\" \/><\/p>\n<p lang=\"en-US\" align=\"left\">Zlo\u017eenie: Extra tmav\u00e1 \u010dokol\u00e1da 70 % (cukor, kakaov\u00e1 hmota, kakaov\u00e9 maslo, emulg\u00e1tor: <strong>S\u00d3JOV\u00dd<\/strong> lecit\u00edn, pr\u00edrodn\u00e1 vanilkov\u00e1 ar\u00f3ma.Minim\u00e1lny obsah kakaa 70%), <strong>LIESKOVCOV\u00c1<\/strong> pasta, karamelizovan\u00e9 \u010dokol\u00e1dov\u00e9 b\u00f4by (cukor, kakaov\u00e9 b\u00f4by) &#8211; podiel kakaov\u00fdch b\u00f4bov 6%, kakaov\u00fd pr\u00e1\u0161ok. M\u00f4\u017ee obsahova\u0165 stopy <strong>MANDL\u00cd<\/strong>, <strong>PIST\u00c1CII<\/strong> a <strong>MLIEKA<\/strong>. BEZ LEPKU.<\/p>\n<p lang=\"en-US\" align=\"left\">Nutri\u010dn\u00e9 hodnoty na 100g produktu: energia 2455 kj\/593 kcal, tuk 47g z toho nas\u00fdten\u00e9 22g, uh\u013eohydr\u00e1ty 26g z toho cukor 18g, bielkoviny 10g, so\u013e 0,04g, vl\u00e1knina 12g.<\/p>\n<p>Vyroben\u00e9 v Taliansku.<\/p>\n<p><img loading=\"lazy\" decoding=\"async\" class=\"alignnone size-medium wp-image-5055\" src=\"https:\/\/www.positivitee.sk\/wp-content\/uploads\/2021\/11\/antica_logo_square-300x300.png\" alt=\"\" width=\"300\" height=\"300\" srcset=\"https:\/\/www.positivitee.sk\/wp-content\/uploads\/2021\/11\/antica_logo_square-300x300.png 300w, https:\/\/www.positivitee.sk\/wp-content\/uploads\/2021\/11\/antica_logo_square-150x150.png 150w, https:\/\/www.positivitee.sk\/wp-content\/uploads\/2021\/11\/antica_logo_square-324x324.png 324w, https:\/\/www.positivitee.sk\/wp-content\/uploads\/2021\/11\/antica_logo_square-416x416.png 416w, https:\/\/www.positivitee.sk\/wp-content\/uploads\/2021\/11\/antica_logo_square-100x100.png 100w, https:\/\/www.positivitee.sk\/wp-content\/uploads\/2021\/11\/antica_logo_square.png 554w\" sizes=\"auto, (max-width: 300px) 100vw, 300px\" \/><\/p>\n","protected":false},"excerpt":{"rendered":"<p>T0609102000\u00a0 \u010cOKOL\u00c1DOV\u00c9 PRALINKY TARTUFO\u00a0TMAV\u00c9 S \u010cOKOL\u00c1DOV\u00ddMI B\u020eBMI, BEZ GMO, BEZ LEPKU, 200 g<\/p>\n","protected":false},"featured_media":6215,"template":"","meta":{"jetpack_post_was_ever_published":false,"jetpack_publicize_message":"","jetpack_publicize_feature_enabled":true,"jetpack_social_post_already_shared":true,"jetpack_social_options":{"image_generator_settings":{"template":"highway","default_image_id":0,"font":"","enabled":false},"version":2}},"product_brand":[],"product_cat":[119],"product_tag":[],"class_list":{"0":"post-6212","1":"product","2":"type-product","3":"status-publish","4":"has-post-thumbnail","6":"product_cat-antica-torroneria-piemontese-cukrovinky-z-talianska","8":"first","9":"instock","10":"shipping-taxable","11":"purchasable","12":"product-type-simple"},"jetpack_publicize_connections":[],"jetpack_sharing_enabled":true,"_links":{"self":[{"href":"https:\/\/www.positivitee.sk\/index.php\/wp-json\/wp\/v2\/product\/6212","targetHints":{"allow":["GET"]}}],"collection":[{"href":"https:\/\/www.positivitee.sk\/index.php\/wp-json\/wp\/v2\/product"}],"about":[{"href":"https:\/\/www.positivitee.sk\/index.php\/wp-json\/wp\/v2\/types\/product"}],"wp:featuredmedia":[{"embeddable":true,"href":"https:\/\/www.positivitee.sk\/index.php\/wp-json\/wp\/v2\/media\/6215"}],"wp:attachment":[{"href":"https:\/\/www.positivitee.sk\/index.php\/wp-json\/wp\/v2\/media?parent=6212"}],"wp:term":[{"taxonomy":"product_brand","embeddable":true,"href":"https:\/\/www.positivitee.sk\/index.php\/wp-json\/wp\/v2\/product_brand?post=6212"},{"taxonomy":"product_cat","embeddable":true,"href":"https:\/\/www.positivitee.sk\/index.php\/wp-json\/wp\/v2\/product_cat?post=6212"},{"taxonomy":"product_tag","embeddable":true,"href":"https:\/\/www.positivitee.sk\/index.php\/wp-json\/wp\/v2\/product_tag?post=6212"}],"curies":[{"name":"wp","href":"https:\/\/api.w.org\/{rel}","templated":true}]}}