{"id":649,"date":"2019-05-06T14:07:03","date_gmt":"2019-05-06T14:07:03","guid":{"rendered":"http:\/\/www.positivitee.sk\/?post_type=product&#038;p=649"},"modified":"2025-10-22T11:31:25","modified_gmt":"2025-10-22T11:31:25","slug":"dolfin-tmava-cokolada-70-s-cokoladovymi-bobmi-70g","status":"publish","type":"product","link":"https:\/\/www.positivitee.sk\/index.php\/product\/dolfin-tmava-cokolada-70-s-cokoladovymi-bobmi-70g\/","title":{"rendered":"Dolfin &#8211; Tmav\u00e1 \u010dokol\u00e1da 70% s \u010dokol\u00e1dov\u00fdmi b\u00f4bmi, 70g"},"content":{"rendered":"<p><code>DO1060<\/code>Tmav\u00e1 \u010dokol\u00e1da 70% s \u010dokol\u00e1dov\u00fdmi b\u00f4bmi, 70g.<\/p>\n<p><img decoding=\"async\" src=\"https:\/\/www.positivitee.sk\/wp-content\/uploads\/2019\/05\/DOLFIN-70-PLUS.jpg\" \/><\/p>\n<p>Min. obsah kakaa v su\u0161ine 70%.<\/p>\n<p>Zlo\u017eenie: Kakov\u00e1 hmota, cukor, n\u00edzkotu\u010dn\u00e9 kakao, emulg\u00e1tor s\u00f3jov\u00fd lecit\u00edn, pr\u00edrodn\u00e1 vanilka<br \/>\nAlerg\u00e9ny: obsahuje <strong>s\u00f3ju<\/strong>. M\u00f4\u017ee obsahova\u0165 stopy <strong>mlieka<\/strong>, <strong>orechov<\/strong>, <strong>p\u0161enice<\/strong> a <strong>vaj\u00ed\u010dok<\/strong>.<\/p>\n<p>Krajina p\u00f4vodu: Belgicko.<\/p>\n<p>Cena 41,43 \u20ac\/kilo<\/p>\n<p><a href=\"http:\/\/www.dolfin.be\/\" target=\"_blank\" rel=\"noopener noreferrer\"><br \/>\n<img decoding=\"async\" src=\"https:\/\/www.positivitee.sk\/img\/Dolfin\/dolfin_logo_7.jpg\" alt=\"Dolfin - The Art of Blending\" \/><br \/>\n<\/a><\/p>\n","protected":false},"excerpt":{"rendered":"<p>DO1060 Tmav\u00e1 \u010dokol\u00e1da 70% s \u010dokol\u00e1dov\u00fdmi b\u00f4bmi, 70g.<\/p>\n","protected":false},"featured_media":5686,"template":"","meta":{"jetpack_post_was_ever_published":false,"jetpack_publicize_message":"","jetpack_publicize_feature_enabled":true,"jetpack_social_post_already_shared":true,"jetpack_social_options":{"image_generator_settings":{"template":"highway","default_image_id":0,"font":"","enabled":false},"version":2}},"product_brand":[],"product_cat":[40],"product_tag":[],"class_list":{"0":"post-649","1":"product","2":"type-product","3":"status-publish","4":"has-post-thumbnail","6":"product_cat-rucne-robene-cukrovinky-z-belgicka","8":"first","9":"instock","10":"shipping-taxable","11":"purchasable","12":"product-type-simple"},"jetpack_publicize_connections":[],"jetpack_sharing_enabled":true,"_links":{"self":[{"href":"https:\/\/www.positivitee.sk\/index.php\/wp-json\/wp\/v2\/product\/649","targetHints":{"allow":["GET"]}}],"collection":[{"href":"https:\/\/www.positivitee.sk\/index.php\/wp-json\/wp\/v2\/product"}],"about":[{"href":"https:\/\/www.positivitee.sk\/index.php\/wp-json\/wp\/v2\/types\/product"}],"wp:featuredmedia":[{"embeddable":true,"href":"https:\/\/www.positivitee.sk\/index.php\/wp-json\/wp\/v2\/media\/5686"}],"wp:attachment":[{"href":"https:\/\/www.positivitee.sk\/index.php\/wp-json\/wp\/v2\/media?parent=649"}],"wp:term":[{"taxonomy":"product_brand","embeddable":true,"href":"https:\/\/www.positivitee.sk\/index.php\/wp-json\/wp\/v2\/product_brand?post=649"},{"taxonomy":"product_cat","embeddable":true,"href":"https:\/\/www.positivitee.sk\/index.php\/wp-json\/wp\/v2\/product_cat?post=649"},{"taxonomy":"product_tag","embeddable":true,"href":"https:\/\/www.positivitee.sk\/index.php\/wp-json\/wp\/v2\/product_tag?post=649"}],"curies":[{"name":"wp","href":"https:\/\/api.w.org\/{rel}","templated":true}]}}