{"id":709,"date":"2019-06-21T16:19:49","date_gmt":"2019-06-21T16:19:49","guid":{"rendered":"http:\/\/www.positivitee.sk\/?post_type=product&#038;p=709"},"modified":"2021-06-08T17:27:19","modified_gmt":"2021-06-08T17:27:19","slug":"premium-tea-bio-japan-shincha-wakana-100g","status":"publish","type":"product","link":"https:\/\/www.positivitee.sk\/index.php\/product\/premium-tea-bio-japan-shincha-wakana-100g\/","title":{"rendered":"Premium Tea &#8211; BIO JAPAN SHINCHA WAKANA, 100g"},"content":{"rendered":"<p><code>2431<\/code>BIO JAPAN SHINCHA WAKANA, 100g. <img decoding=\"async\" src=\"https:\/\/www.positivitee.sk\/img\/Premium\/00-02431.jpg\" alt=\"BIO JAPAN SHINCHA WAKANA\" \/><\/p>\n<p>Zlo\u017eenie: japonsk\u00fd zelen\u00fd \u010daj<\/p>\n<p>Japonsk\u00fd \u010daj Shincha je prv\u00fdm \u010dajom sez\u00f3ny.<\/p>\n<p>Shincha je prv\u00fdm zberom sez\u00f3ny a pozost\u00e1va z t\u00fdch najlep\u0161\u00edch l\u00edstkov.<br \/>\nTmavozelen\u00e9 \u017eiariv\u00e9, trblietav\u00e9 l\u00edstky maj\u00fa uhli\u010dkovit\u00fd tvar. N\u00e1poj mimoriadnej, intenz\u00edvnej chute.<\/p>\n<p>Po\u010das zimn\u00e9ho obdobia \u010dajov\u00e9 kr\u00edky usklad\u0148uju \u017eiviny, okrem in\u00e9ho aminokyseliny. Tie sa uvo\u013enia viacej do prv\u00fdch l\u00edstkov, ne\u017e nesk\u00f4r po\u010das sez\u00f3ny. V d\u00f4sledku toho je \u010daj mimoriadne hladk\u00fd.<br \/>\nZber prebieha len po\u010das &#8220; ZLAT\u00c9HO T\u00dd\u017dD\u0147A&#8220; na konci apr\u00edla\/za\u010diatkom m\u00e1ja. V tom istom \u010dase za\u010d\u00ednaj\u00fa kvitn\u00fa\u0165 sakury, \u010do je v Japonsku v\u00fdnimo\u010dn\u00e9 obdobie pln\u00e9 osl\u00e1v v parkoch a stretnut\u00ed.<\/p>\n<p>Pr\u00edprava: 1 \u010dajov\u00fa ly\u017ei\u010dku (2g) \u010daju zalejeme 2,5dl vody 60\u00b0C. L\u00fahujte 2 minuty.<\/p>\n","protected":false},"excerpt":{"rendered":"<p>2431 BIO JAPAN SHINCHA WAKANA, 100g.<\/p>\n","protected":false},"featured_media":710,"template":"","meta":{"jetpack_post_was_ever_published":false,"jetpack_publicize_message":"","jetpack_publicize_feature_enabled":true,"jetpack_social_post_already_shared":true,"jetpack_social_options":{"image_generator_settings":{"template":"highway","default_image_id":0,"font":"","enabled":false},"version":2}},"product_brand":[],"product_cat":[50,70],"product_tag":[],"class_list":{"0":"post-709","1":"product","2":"type-product","3":"status-publish","4":"has-post-thumbnail","6":"product_cat-premium-caje","7":"product_cat-zelene","9":"first","10":"outofstock","11":"shipping-taxable","12":"purchasable","13":"product-type-simple"},"jetpack_publicize_connections":[],"jetpack_sharing_enabled":true,"_links":{"self":[{"href":"https:\/\/www.positivitee.sk\/index.php\/wp-json\/wp\/v2\/product\/709","targetHints":{"allow":["GET"]}}],"collection":[{"href":"https:\/\/www.positivitee.sk\/index.php\/wp-json\/wp\/v2\/product"}],"about":[{"href":"https:\/\/www.positivitee.sk\/index.php\/wp-json\/wp\/v2\/types\/product"}],"wp:featuredmedia":[{"embeddable":true,"href":"https:\/\/www.positivitee.sk\/index.php\/wp-json\/wp\/v2\/media\/710"}],"wp:attachment":[{"href":"https:\/\/www.positivitee.sk\/index.php\/wp-json\/wp\/v2\/media?parent=709"}],"wp:term":[{"taxonomy":"product_brand","embeddable":true,"href":"https:\/\/www.positivitee.sk\/index.php\/wp-json\/wp\/v2\/product_brand?post=709"},{"taxonomy":"product_cat","embeddable":true,"href":"https:\/\/www.positivitee.sk\/index.php\/wp-json\/wp\/v2\/product_cat?post=709"},{"taxonomy":"product_tag","embeddable":true,"href":"https:\/\/www.positivitee.sk\/index.php\/wp-json\/wp\/v2\/product_tag?post=709"}],"curies":[{"name":"wp","href":"https:\/\/api.w.org\/{rel}","templated":true}]}}