{"id":826,"date":"2019-10-24T18:48:59","date_gmt":"2019-10-24T18:48:59","guid":{"rendered":"http:\/\/www.positivitee.sk\/?post_type=product&#038;p=826"},"modified":"2026-03-30T15:02:54","modified_gmt":"2026-03-30T15:02:54","slug":"dolfin-vyber-24-stvorcekov-o-hmotnosti-5g-4-prichute-peches-gourmands","status":"publish","type":"product","link":"https:\/\/www.positivitee.sk\/index.php\/product\/dolfin-vyber-24-stvorcekov-o-hmotnosti-5g-4-prichute-peches-gourmands\/","title":{"rendered":"Dolfin &#8211; V\u00fdber 24 \u0161tvor\u010dekov o hmotnosti 5g, 4 pr\u00edchute &#8222;P\u00e9ch\u00e9s Gourmands&#8220;"},"content":{"rendered":"<p><code>DO1411<\/code>V\u00fdber 24 \u0161tvor\u010dekov o hmotnosti 5g, 4 pr\u00edchute &#8222;P\u00e9ch\u00e9s Gourmands&#8220;.<img decoding=\"async\" src=\"https:\/\/www.positivitee.sk\/img\/Dolfin\/dolfin-pechesgourmands-box24-open-web.jpg\" alt=\"V\u00fdber 24 \u0161tvor\u010dekov o hmotnosti 5g, 4 pr\u00edchute \\\" \/><\/p>\n<p>Zlo\u017eenie:kakaov\u00e1 hmota, cukor, kakaov\u00e9 maslo, plnotu\u010dn\u00e9 pr\u00e1\u0161kov\u00e9 mlieko, odtu\u010dnen\u00e9 kakao, slan\u00e9 mandle, karamel, speculoos, nug\u00e1t, pr\u00edrodn\u00e1 pr\u00edchu\u0165 medu, pr\u00edrodn\u00e1 vanilkov\u00e1 pr\u00edchu\u0165, emulg\u00e1tor: s\u00f3jov\u00fd lecit\u00edn, pr\u00edrodn\u00e1 vanilkov\u00e1 pr\u00edchu\u0165.<\/p>\n<p>Obsah kaka: 38% v mlie\u010dnej \u010dokol\u00e1de, v tmavej \u010dokol\u00e1de 60% a 70%.<\/p>\n<p>Alerg\u00e9ny: obsahuje <strong>s\u00f3ju<\/strong>, <strong>mandle<\/strong>, <strong>p\u0161enicu<\/strong> a <strong>mlieko<\/strong>. M\u00f4\u017ee obsahova\u0165 stopy \u010fal\u0161\u00edch <strong>orechov<\/strong> a <strong>vaj\u00ed\u010dok<\/strong>.<\/p>\n<p>Krajina p\u00f4vodu: Belgicko.<\/p>\n<p><a href=\"http:\/\/www.dolfin.be\/\" target=\"_blank\" rel=\"noopener noreferrer\"><br \/>\n<img decoding=\"async\" src=\"https:\/\/www.positivitee.sk\/img\/Dolfin\/dolfin_logo_7.jpg\" alt=\"Dolfin - The Art of Blending\" \/><br \/>\n<\/a><\/p>\n","protected":false},"excerpt":{"rendered":"<p>DO1411 V\u00fdber 24 \u0161tvor\u010dekov o hmotnosti 5g, 4 pr\u00edchute &#8222;P\u00e9ch\u00e9s Gourmands&#8220;.<\/p>\n","protected":false},"featured_media":827,"template":"","meta":{"jetpack_post_was_ever_published":false,"jetpack_publicize_message":"","jetpack_publicize_feature_enabled":true,"jetpack_social_post_already_shared":true,"jetpack_social_options":{"image_generator_settings":{"template":"highway","default_image_id":0,"font":"","enabled":false},"version":2}},"product_brand":[],"product_cat":[40],"product_tag":[],"class_list":{"0":"post-826","1":"product","2":"type-product","3":"status-publish","4":"has-post-thumbnail","6":"product_cat-rucne-robene-cukrovinky-z-belgicka","8":"first","9":"instock","10":"shipping-taxable","11":"purchasable","12":"product-type-simple"},"jetpack_publicize_connections":[],"jetpack_sharing_enabled":true,"_links":{"self":[{"href":"https:\/\/www.positivitee.sk\/index.php\/wp-json\/wp\/v2\/product\/826","targetHints":{"allow":["GET"]}}],"collection":[{"href":"https:\/\/www.positivitee.sk\/index.php\/wp-json\/wp\/v2\/product"}],"about":[{"href":"https:\/\/www.positivitee.sk\/index.php\/wp-json\/wp\/v2\/types\/product"}],"wp:featuredmedia":[{"embeddable":true,"href":"https:\/\/www.positivitee.sk\/index.php\/wp-json\/wp\/v2\/media\/827"}],"wp:attachment":[{"href":"https:\/\/www.positivitee.sk\/index.php\/wp-json\/wp\/v2\/media?parent=826"}],"wp:term":[{"taxonomy":"product_brand","embeddable":true,"href":"https:\/\/www.positivitee.sk\/index.php\/wp-json\/wp\/v2\/product_brand?post=826"},{"taxonomy":"product_cat","embeddable":true,"href":"https:\/\/www.positivitee.sk\/index.php\/wp-json\/wp\/v2\/product_cat?post=826"},{"taxonomy":"product_tag","embeddable":true,"href":"https:\/\/www.positivitee.sk\/index.php\/wp-json\/wp\/v2\/product_tag?post=826"}],"curies":[{"name":"wp","href":"https:\/\/api.w.org\/{rel}","templated":true}]}}