{"id":870,"date":"2019-11-01T11:54:43","date_gmt":"2019-11-01T11:54:43","guid":{"rendered":"https:\/\/www.positivitee.sk\/?post_type=product&#038;p=870"},"modified":"2026-01-22T18:40:54","modified_gmt":"2026-01-22T18:40:54","slug":"premium-tea-zazvor-200g","status":"publish","type":"product","link":"https:\/\/www.positivitee.sk\/index.php\/product\/premium-tea-zazvor-200g\/","title":{"rendered":"Premium Tea &#8211; Z\u00c1ZVOR, 200g"},"content":{"rendered":"<p><code>6139<\/code>Z\u00c1ZVOR, 200g.<img decoding=\"async\" src=\"https:\/\/www.positivitee.sk\/img\/Premium\/00-06139_stamm_1.jpg\" alt=\"Z\u00c1ZVOR\" \/><\/p>\n<p>Vysokokvalitn\u00fd sekan\u00fd kore\u0148 z\u00e1zvoru na pr\u00edpravu ostr\u00e9ho a korenist\u00e9ho n\u00e1poja. Skvel\u00fd tie\u017e na varenie alebo na pr\u00edpravu \u010dajov\u00fdch zmes\u00ed a zmes\u00ed koren\u00edn. N\u00e1poj mimoriadne vhodn\u00fd po\u010das chladnej\u0161\u00edch dn\u00ed.<\/p>\n<p>Zlozenie: zazvor<\/p>\n<p>Pr\u00edprava: 1-2 \u010dajov\u00fa ly\u017ei\u010dku (2g) \u010daju zalejeme 2,5dl vriacej vody. L\u00fahujte 5 a\u017e 8 min\u00fat.<\/p>\n","protected":false},"excerpt":{"rendered":"<p>6139 Z\u00c1ZVOR, 200g.<\/p>\n","protected":false},"featured_media":871,"template":"","meta":{"jetpack_post_was_ever_published":false,"jetpack_publicize_message":"","jetpack_publicize_feature_enabled":true,"jetpack_social_post_already_shared":true,"jetpack_social_options":{"image_generator_settings":{"template":"highway","default_image_id":0,"font":"","enabled":false},"version":2}},"product_brand":[],"product_cat":[74,50],"product_tag":[],"class_list":{"0":"post-870","1":"product","2":"type-product","3":"status-publish","4":"has-post-thumbnail","6":"product_cat-bylinkove","7":"product_cat-premium-caje","9":"first","10":"instock","11":"shipping-taxable","12":"purchasable","13":"product-type-simple"},"jetpack_publicize_connections":[],"jetpack_sharing_enabled":true,"_links":{"self":[{"href":"https:\/\/www.positivitee.sk\/index.php\/wp-json\/wp\/v2\/product\/870","targetHints":{"allow":["GET"]}}],"collection":[{"href":"https:\/\/www.positivitee.sk\/index.php\/wp-json\/wp\/v2\/product"}],"about":[{"href":"https:\/\/www.positivitee.sk\/index.php\/wp-json\/wp\/v2\/types\/product"}],"wp:featuredmedia":[{"embeddable":true,"href":"https:\/\/www.positivitee.sk\/index.php\/wp-json\/wp\/v2\/media\/871"}],"wp:attachment":[{"href":"https:\/\/www.positivitee.sk\/index.php\/wp-json\/wp\/v2\/media?parent=870"}],"wp:term":[{"taxonomy":"product_brand","embeddable":true,"href":"https:\/\/www.positivitee.sk\/index.php\/wp-json\/wp\/v2\/product_brand?post=870"},{"taxonomy":"product_cat","embeddable":true,"href":"https:\/\/www.positivitee.sk\/index.php\/wp-json\/wp\/v2\/product_cat?post=870"},{"taxonomy":"product_tag","embeddable":true,"href":"https:\/\/www.positivitee.sk\/index.php\/wp-json\/wp\/v2\/product_tag?post=870"}],"curies":[{"name":"wp","href":"https:\/\/api.w.org\/{rel}","templated":true}]}}